{"text_format":"1","workbook":"xlsx","n_sheets":5,"sheets":["Data Entry","ConduitMaster Report","Cable Totals Report","X-REF","Table"],"not_rendered":{"charts":0,"images":0,"macros":1,"external_links":0,"defined_names":2,"comments":0,"pivot_tables":2},"unopened":[],"bounds":{"document_bytes":16777216,"sheet_cells":100000,"rows_first":2000,"rows_last":500,"rows_between":2000,"halvings":0,"cell_chars":16384,"cell_head_chars":4096},"cells_cut":0,"cells_raw":0,"read":"whole","date_system":"1900"}

{"sheet":"Data Entry","index":0,"n_rows":41,"n_cols":18,"rows_kept":41,"cut":false,"hidden":false,"merged":[[7,2,7,12],[0,0,0,15],[37,6,37,9],[1,0,1,14],[2,2,2,14],[3,2,3,14],[4,2,4,14],[5,2,5,10],[9,6,9,7],[6,2,6,7]]}
["Liberty Wire & Cable ConduitMasterTM Capacity Calculator*"]
["Instructions:  "]
[null,null,"1.  Set your desired conduit fill ratio in the Drop Down Box.  This globally sets the fill factor.  You can indiviudally set each fill cell.  Clicking \"Reset Form\" resets to global.**"]
[null,null,"2.  If conduit size is already known, enter it in the \"Conduit Size\" or leave blank and the program will automatically suggest a size.  This tool uses the EMT schedule."]
[null,null,"3.  Enter the correct Liberty Wire & Cable part numbers (not case sensitive), or correct competitive part numbers."]
[null,null,"4.  Be sure to enter the correct quantity in the \"QTY\" column, ie. 1, 2, 3, 4, etc"]
[null,null,"5.  It is necessary to assign a conduit number to each entry. "]
[null,null,"6.  When finished with entries, click on \"Calculate\" button.  This will send you to the ConduitMaster Report Tab.  Any new entries require recalculation."]
[]
[null,"Revision:  April 2, 2015",null,null,null,null,"Choose Conduit Fill Factor"]
[null,null,null,null,null,null,"**The NEC guideline of permissible fill is typically 53% for a single cable, and 40% for three or more cables."]
["Item #","QTY","Assign Conduit Number","Conduit Size","Conduit Length","Conduit Fill %","Liberty Part Number","Competitive Part #","Liberty Cable Utilized","Cable O.D.","Cable Area","Conduit I.D. (in.) Needed ","Useable area (sq.in.)","Available Area(sq in)","Percent Filled","Total Cable + 10%"]
[1,null,null,null,null,{"$f":"$R$16","v":0.4},null,null,{"$f":"IF(G13>0,UPPER(G13),IF(H13>0,VLOOKUP('Data Entry'!H13,'X-REF'!$A$1:$B$473,2,FALSE),\"\"))","v":""},{"$f":"IF(G13>0,VLOOKUP(I13,Table!$A$2:$B$2412,2,FALSE),IF(H13>0,VLOOKUP(I13,Table!$A$2:$B$2412,2,FALSE),\"\"))","v":""},{"$f":"IF(B13=0,\"\",IF(ISNA(J13)=TRUE,\"\",IF(G13>0,((J13/2)*(J13/2)*3.142)*B13,IF(H13>0,((J13/2)*(J13/2)*3.142)*B13,\"\"))))","v":""},{"$f":"IF(B13=0,\"\",K13/F13)","v":""},{"$f":"IF(B13=0,\"\",IF(D13=0,(((L13/2)*(L13/2))*3.142)*R16,(((D13/2)*(D13/2))*3.142)*F13))","v":""},{"$f":"IF(B13=0,\"\",IF(D13=0,((L13/2)*(L13/2))*3.142,((D13/2)*(D13/2))*3.142))","v":""},{"$f":"IF(B13=0,\"\",K13/D13)","v":""},{"$f":"IF(E13>0,(E13*B13)*110%,\"\")","v":""}]
[{"$f":"A13+1","v":2},null,null,{"$f":"IF(B14=0,\"\",VLOOKUP(SUMIF($C$13:$C$37,C14,$K$13:$K$37)/F14,Table!$F$2:$G$17,2,TRUE))","v":""},null,0.4,null,null,{"$f":"IF(G14>0,UPPER(G14),IF(H14>0,VLOOKUP('Data Entry'!H14,'X-REF'!$A$1:$B$473,2,FALSE),\"\"))","v":""},{"$f":"IF(G14>0,VLOOKUP(I14,Table!$A$2:$B$2412,2,FALSE),IF(H14>0,VLOOKUP(I14,Table!$A$2:$B$2412,2,FALSE),\"\"))","v":""},"",{"$f":"IF(B14=0,\"\",K14/F14)","v":""},{"$f":"IF(B14=0,\"\",IF(D14=0,(((L14/2)*(L14/2))*3.142)*R17,(((D14/2)*(D14/2))*3.142)*F14))","v":""},"",{"$f":"IF(B14=0,\"\",K14/D14)","v":""},{"$f":"IF(E14>0,(E14*B14)*110%,\"\")","v":""}]
[{"$f":"A14+1","v":3},null,null,{"$f":"IF(B15=0,\"\",VLOOKUP(SUMIF($C$13:$C$37,C15,$K$13:$K$37)/F15,Table!$F$2:$G$17,2,TRUE))","v":""},null,0.4,null,null,{"$f":"IF(G15>0,UPPER(G15),IF(H15>0,VLOOKUP('Data Entry'!H15,'X-REF'!$A$1:$B$473,2,FALSE),\"\"))","v":""},{"$f":"IF(G15>0,VLOOKUP(I15,Table!$A$2:$B$2412,2,FALSE),IF(H15>0,VLOOKUP(I15,Table!$A$2:$B$2412,2,FALSE),\"\"))","v":""},"","","","","","",0.05,8]
[4,null,null,{"$f":"IF(B16=0,\"\",VLOOKUP(SUMIF($C$13:$C$37,C16,$K$13:$K$37)/F16,Table!$F$2:$G$17,2,TRUE))","v":""},null,0.4,null,null,{"$f":"IF(G16>0,UPPER(G16),IF(H16>0,VLOOKUP('Data Entry'!H16,'X-REF'!$A$1:$B$473,2,FALSE),\"\"))","v":""},{"$f":"IF(G16>0,VLOOKUP(I16,Table!$A$2:$B$2412,2,FALSE),IF(H16>0,VLOOKUP(I16,Table!$A$2:$B$2412,2,FALSE),\"\"))","v":""},"","","","","","",0.1,{"$f":"INDEX(Q15:Q25,R15)","v":0.4}]
[5,null,null,{"$f":"IF(B17=0,\"\",VLOOKUP(SUMIF($C$13:$C$37,C17,$K$13:$K$37)/F17,Table!$F$2:$G$17,2,TRUE))","v":""},null,0.4,null,null,{"$f":"IF(G17>0,UPPER(G17),IF(H17>0,VLOOKUP('Data Entry'!H17,'X-REF'!$A$1:$B$473,2,FALSE),\"\"))","v":""},{"$f":"IF(G17>0,VLOOKUP(I17,Table!$A$2:$B$2412,2,FALSE),IF(H17>0,VLOOKUP(I17,Table!$A$2:$B$2412,2,FALSE),\"\"))","v":""},"","","","","","",0.15]
[6,null,null,{"$f":"IF(B18=0,\"\",VLOOKUP(SUMIF($C$13:$C$37,C18,$K$13:$K$37)/F18,Table!$F$2:$G$17,2,TRUE))","v":""},null,0.4,null,null,{"$f":"IF(G18>0,UPPER(G18),IF(H18>0,VLOOKUP('Data Entry'!H18,'X-REF'!$A$1:$B$473,2,FALSE),\"\"))","v":""},{"$f":"IF(G18>0,VLOOKUP(I18,Table!$A$2:$B$2412,2,FALSE),IF(H18>0,VLOOKUP(I18,Table!$A$2:$B$2412,2,FALSE),\"\"))","v":""},"","","","","","",0.2]
[7,null,null,{"$f":"IF(B19=0,\"\",VLOOKUP(SUMIF($C$13:$C$37,C19,$K$13:$K$37)/F19,Table!$F$2:$G$17,2,TRUE))","v":""},null,0.4,null,null,{"$f":"IF(G19>0,UPPER(G19),IF(H19>0,VLOOKUP('Data Entry'!H19,'X-REF'!$A$1:$B$473,2,FALSE),\"\"))","v":""},{"$f":"IF(G19>0,VLOOKUP(I19,Table!$A$2:$B$2412,2,FALSE),IF(H19>0,VLOOKUP(I19,Table!$A$2:$B$2412,2,FALSE),\"\"))","v":""},"","","","","","",0.25]
[8,null,null,{"$f":"IF(B20=0,\"\",VLOOKUP(SUMIF($C$13:$C$37,C20,$K$13:$K$37)/F20,Table!$F$2:$G$17,2,TRUE))","v":""},null,0.4,null,null,{"$f":"IF(G20>0,UPPER(G20),IF(H20>0,VLOOKUP('Data Entry'!H20,'X-REF'!$A$1:$B$473,2,FALSE),\"\"))","v":""},{"$f":"IF(G20>0,VLOOKUP(I20,Table!$A$2:$B$2412,2,FALSE),IF(H20>0,VLOOKUP(I20,Table!$A$2:$B$2412,2,FALSE),\"\"))","v":""},"","","","","","",0.3]
[9,null,null,{"$f":"IF(B21=0,\"\",VLOOKUP(SUMIF($C$13:$C$37,C21,$K$13:$K$37)/F21,Table!$F$2:$G$17,2,TRUE))","v":""},null,0.4,null,null,{"$f":"IF(G21>0,UPPER(G21),IF(H21>0,VLOOKUP('Data Entry'!H21,'X-REF'!$A$1:$B$473,2,FALSE),\"\"))","v":""},{"$f":"IF(G21>0,VLOOKUP(I21,Table!$A$2:$B$2412,2,FALSE),IF(H21>0,VLOOKUP(I21,Table!$A$2:$B$2412,2,FALSE),\"\"))","v":""},"","","","","","",0.35]
[10,null,null,{"$f":"IF(B22=0,\"\",VLOOKUP(SUMIF($C$13:$C$37,C22,$K$13:$K$37)/F22,Table!$F$2:$G$17,2,TRUE))","v":""},null,0.4,null,null,{"$f":"IF(G22>0,UPPER(G22),IF(H22>0,VLOOKUP('Data Entry'!H22,'X-REF'!$A$1:$B$473,2,FALSE),\"\"))","v":""},{"$f":"IF(G22>0,VLOOKUP(I22,Table!$A$2:$B$2412,2,FALSE),IF(H22>0,VLOOKUP(I22,Table!$A$2:$B$2412,2,FALSE),\"\"))","v":""},"","","","","","",0.4]
[11,null,null,{"$f":"IF(B23=0,\"\",VLOOKUP(SUMIF($C$13:$C$37,C23,$K$13:$K$37)/F23,Table!$F$2:$G$17,2,TRUE))","v":""},null,0.4,null,null,{"$f":"IF(G23>0,UPPER(G23),IF(H23>0,VLOOKUP('Data Entry'!H23,'X-REF'!$A$1:$B$473,2,FALSE),\"\"))","v":""},{"$f":"IF(G23>0,VLOOKUP(I23,Table!$A$2:$B$2412,2,FALSE),IF(H23>0,VLOOKUP(I23,Table!$A$2:$B$2412,2,FALSE),\"\"))","v":""},"","","",{"$f":"IF(B23=0,\"\",IF(D23=0,((L23/2)*(L23/2))*3.142,((D23/2)*(D23/2))*3.142))","v":""},"","",0.45]
[12,null,null,{"$f":"IF(B24=0,\"\",VLOOKUP(SUMIF($C$13:$C$37,C24,$K$13:$K$37)/F24,Table!$F$2:$G$17,2,TRUE))","v":""},null,0.4,null,null,{"$f":"IF(G24>0,UPPER(G24),IF(H24>0,VLOOKUP('Data Entry'!H24,'X-REF'!$A$1:$B$473,2,FALSE),\"\"))","v":""},{"$f":"IF(G24>0,VLOOKUP(I24,Table!$A$2:$B$2412,2,FALSE),IF(H24>0,VLOOKUP(I24,Table!$A$2:$B$2412,2,FALSE),\"\"))","v":""},"","","","","","",0.5]
[13,null,null,{"$f":"IF(B25=0,\"\",VLOOKUP(SUMIF($C$13:$C$37,C25,$K$13:$K$37)/F25,Table!$F$2:$G$17,2,TRUE))","v":""},null,0.4,null,null,{"$f":"IF(G25>0,UPPER(G25),IF(H25>0,VLOOKUP('Data Entry'!H25,'X-REF'!$A$1:$B$473,2,FALSE),\"\"))","v":""},{"$f":"IF(G25>0,VLOOKUP(I25,Table!$A$2:$B$2412,2,FALSE),IF(H25>0,VLOOKUP(I25,Table!$A$2:$B$2412,2,FALSE),\"\"))","v":""},"","","","","","",0.55000000000000004]
[14,null,null,{"$f":"IF(B26=0,\"\",VLOOKUP(SUMIF($C$13:$C$37,C26,$K$13:$K$37)/F26,Table!$F$2:$G$17,2,TRUE))","v":""},null,0.4,null,null,{"$f":"IF(G26>0,UPPER(G26),IF(H26>0,VLOOKUP('Data Entry'!H26,'X-REF'!$A$1:$B$473,2,FALSE),\"\"))","v":""},{"$f":"IF(G26>0,VLOOKUP(I26,Table!$A$2:$B$2412,2,FALSE),IF(H26>0,VLOOKUP(I26,Table!$A$2:$B$2412,2,FALSE),\"\"))","v":""},"","","","","",""]
[15,null,null,{"$f":"IF(B27=0,\"\",VLOOKUP(SUMIF($C$13:$C$37,C27,$K$13:$K$37)/F27,Table!$F$2:$G$17,2,TRUE))","v":""},null,0.4,null,null,{"$f":"IF(G27>0,UPPER(G27),IF(H27>0,VLOOKUP('Data Entry'!H27,'X-REF'!$A$1:$B$473,2,FALSE),\"\"))","v":""},{"$f":"IF(G27>0,VLOOKUP(I27,Table!$A$2:$B$2412,2,FALSE),IF(H27>0,VLOOKUP(I27,Table!$A$2:$B$2412,2,FALSE),\"\"))","v":""},"","","","","",""]
[16,null,null,{"$f":"IF(B28=0,\"\",VLOOKUP(SUMIF($C$13:$C$37,C28,$K$13:$K$37)/F28,Table!$F$2:$G$17,2,TRUE))","v":""},null,0.4,null,null,{"$f":"IF(G28>0,UPPER(G28),IF(H28>0,VLOOKUP('Data Entry'!H28,'X-REF'!$A$1:$B$473,2,FALSE),\"\"))","v":""},{"$f":"IF(G28>0,VLOOKUP(I28,Table!$A$2:$B$2412,2,FALSE),IF(H28>0,VLOOKUP(I28,Table!$A$2:$B$2412,2,FALSE),\"\"))","v":""},"","","","","",""]
[17,null,null,{"$f":"IF(B29=0,\"\",VLOOKUP(SUMIF($C$13:$C$37,C29,$K$13:$K$37)/F29,Table!$F$2:$G$17,2,TRUE))","v":""},null,0.4,null,null,{"$f":"IF(G29>0,UPPER(G29),IF(H29>0,VLOOKUP('Data Entry'!H29,'X-REF'!$A$1:$B$473,2,FALSE),\"\"))","v":""},{"$f":"IF(G29>0,VLOOKUP(I29,Table!$A$2:$B$2412,2,FALSE),IF(H29>0,VLOOKUP(I29,Table!$A$2:$B$2412,2,FALSE),\"\"))","v":""},"","","","","",""]
[18,null,null,{"$f":"IF(B30=0,\"\",VLOOKUP(SUMIF($C$13:$C$37,C30,$K$13:$K$37)/F30,Table!$F$2:$G$17,2,TRUE))","v":""},null,0.4,null,null,{"$f":"IF(G30>0,UPPER(G30),IF(H30>0,VLOOKUP('Data Entry'!H30,'X-REF'!$A$1:$B$473,2,FALSE),\"\"))","v":""},{"$f":"IF(G30>0,VLOOKUP(I30,Table!$A$2:$B$2412,2,FALSE),IF(H30>0,VLOOKUP(I30,Table!$A$2:$B$2412,2,FALSE),\"\"))","v":""},"","","","","",""]
[19,null,null,{"$f":"IF(B31=0,\"\",VLOOKUP(SUMIF($C$13:$C$37,C31,$K$13:$K$37)/F31,Table!$F$2:$G$17,2,TRUE))","v":""},null,0.4,null,null,{"$f":"IF(G31>0,UPPER(G31),IF(H31>0,VLOOKUP('Data Entry'!H31,'X-REF'!$A$1:$B$473,2,FALSE),\"\"))","v":""},{"$f":"IF(G31>0,VLOOKUP(I31,Table!$A$2:$B$2412,2,FALSE),IF(H31>0,VLOOKUP(I31,Table!$A$2:$B$2412,2,FALSE),\"\"))","v":""},"","","","","",""]
[20,null,null,{"$f":"IF(B32=0,\"\",VLOOKUP(SUMIF($C$13:$C$37,C32,$K$13:$K$37)/F32,Table!$F$2:$G$17,2,TRUE))","v":""},null,0.4,null,null,{"$f":"IF(G32>0,UPPER(G32),IF(H32>0,VLOOKUP('Data Entry'!H32,'X-REF'!$A$1:$B$473,2,FALSE),\"\"))","v":""},{"$f":"IF(G32>0,VLOOKUP(I32,Table!$A$2:$B$2412,2,FALSE),IF(H32>0,VLOOKUP(I32,Table!$A$2:$B$2412,2,FALSE),\"\"))","v":""},"","","","","",""]
[21,null,null,{"$f":"IF(B33=0,\"\",VLOOKUP(SUMIF($C$13:$C$37,C33,$K$13:$K$37)/F33,Table!$F$2:$G$17,2,TRUE))","v":""},null,0.4,null,null,{"$f":"IF(G33>0,UPPER(G33),IF(H33>0,VLOOKUP('Data Entry'!H33,'X-REF'!$A$1:$B$473,2,FALSE),\"\"))","v":""},{"$f":"IF(G33>0,VLOOKUP(I33,Table!$A$2:$B$2412,2,FALSE),IF(H33>0,VLOOKUP(I33,Table!$A$2:$B$2412,2,FALSE),\"\"))","v":""},"","","","","",""]
[22,null,null,{"$f":"IF(B34=0,\"\",VLOOKUP(SUMIF($C$13:$C$37,C34,$K$13:$K$37)/F34,Table!$F$2:$G$17,2,TRUE))","v":""},null,0.4,null,null,{"$f":"IF(G34>0,UPPER(G34),IF(H34>0,VLOOKUP('Data Entry'!H34,'X-REF'!$A$1:$B$473,2,FALSE),\"\"))","v":""},{"$f":"IF(G34>0,VLOOKUP(I34,Table!$A$2:$B$2412,2,FALSE),IF(H34>0,VLOOKUP(I34,Table!$A$2:$B$2412,2,FALSE),\"\"))","v":""},"","","","","","",{"$f":"(((100%-(INDEX($Q$15:$Q$30,$R$15)))*2)*$K$38)+$K$38","v":0}]
[23,null,null,{"$f":"IF(B35=0,\"\",VLOOKUP(SUMIF($C$13:$C$37,C35,$K$13:$K$37)/F35,Table!$F$2:$G$17,2,TRUE))","v":""},null,0.4,null,null,{"$f":"IF(G35>0,UPPER(G35),IF(H35>0,VLOOKUP('Data Entry'!H35,'X-REF'!$A$1:$B$473,2,FALSE),\"\"))","v":""},{"$f":"IF(G35>0,VLOOKUP(I35,Table!$A$2:$B$2412,2,FALSE),IF(H35>0,VLOOKUP(I35,Table!$A$2:$B$2412,2,FALSE),\"\"))","v":""},"","","","","",""]
[24,null,null,{"$f":"IF(B36=0,\"\",VLOOKUP(SUMIF($C$13:$C$37,C36,$K$13:$K$37)/F36,Table!$F$2:$G$17,2,TRUE))","v":""},null,0.4,null,null,{"$f":"IF(G36>0,UPPER(G36),IF(H36>0,VLOOKUP('Data Entry'!H36,'X-REF'!$A$1:$B$473,2,FALSE),\"\"))","v":""},{"$f":"IF(G36>0,VLOOKUP(I36,Table!$A$2:$B$2412,2,FALSE),IF(H36>0,VLOOKUP(I36,Table!$A$2:$B$2412,2,FALSE),\"\"))","v":""},"","","","","",""]
[25,null,null,{"$f":"IF(B37=0,\"\",VLOOKUP(SUMIF($C$13:$C$37,C37,$K$13:$K$37)/F37,Table!$F$2:$G$17,2,TRUE))","v":""},null,0.4,null,null,{"$f":"IF(G37>0,UPPER(G37),IF(H37>0,VLOOKUP('Data Entry'!H37,'X-REF'!$A$1:$B$473,2,FALSE),\"\"))","v":""},{"$f":"IF(G37>0,VLOOKUP(I37,Table!$A$2:$B$2412,2,FALSE),IF(H37>0,VLOOKUP(I37,Table!$A$2:$B$2412,2,FALSE),\"\"))","v":""},"","","","","",""]
[null,null,null,{"$f":"IF(B38=0,\"\",VLOOKUP(SUMIF($C$13:$C$37,C38,$K$13:$K$37)/F38,Table!$F$2:$G$17,2,TRUE))","v":""},null,0.4]
["* Note: This Calculator is intended for general guidelines only.  Each installation has different restrictions and local codes."]
[]
[""]

{"sheet":"ConduitMaster Report","index":1,"n_rows":2,"n_cols":11,"rows_kept":2,"cut":false,"hidden":false,"merged":[]}
["Assigned Conduit Number","Liberty Cables Utilized","Specified Conduit Size","Specified Conduit Fill %","Conduit Length","Cable Area","Cable O.D.","Percent Filled","Fill Total","Cable Count","Total Cable + 10%"]
["Grand Total"]

{"sheet":"Cable Totals Report","index":2,"n_rows":4,"n_cols":2,"rows_kept":4,"cut":false,"hidden":false,"merged":[[0,0,0,1]]}
["Cable Totals"]
["Liberty Cable List","Total Cable"]
[null,0]
["Grand Total",0]

{"sheet":"X-REF","index":3,"n_rows":954,"n_cols":2,"rows_kept":954,"cut":false,"hidden":true,"merged":[]}
[220,"22-2C-SO-HT"]
[221,"22-2C-GRY"]
[222,"20-2C-GRY"]
[224,"18-2C-GRY"]
[225,"16-2C-GRY"]
[226,"14-2C-GRY"]
[227,"12-2C-GRY"]
[230,"22-3C-SOL-GRY"]
[231,"22-3C-GRY-BX"]
[232,"20-3C-GRY"]
[234,"18-3C-GRY"]
[235,"16-3C-GRY"]
[240,"22-4C-SO-HT"]
[241,"22-4C-FPLP-RED"]
[241,"22-4C-GRY"]
[242,"20-4C-GRY"]
[244,"18-4C-GRY"]
[245,"16-4C-COM-GRY"]
[245,"16-4C-GRY"]
[246,"14-4C-GRY"]
[248,"12-4C-BLK"]
[248,"12-4C-GRY"]
[262,"20-5C-GRY"]
[270,"22-6C-GRY"]
[271,"22-8C-GRY"]
[272,"22-10C-GRY"]
[273,"22-12C-GRY"]
[274,"22-15C-GRY"]
[280,"18-5C-GRY"]
[281,"18-7C-GRY"]
[282,"18-9C-GRY"]
[283,"18-12C-GRY"]
[284,"18-15C-GRY"]
[285,"18-20C-GRY"]
[290,"22-2C-SOL-SH-GRY"]
[291,"22-2C-SH-GRY"]
[292,"20-2C-SH-GRY"]
[293,"18-2C-SH-GRY"]
[294,"16-2C-SH-GRY"]
[295,"14-2C-SH-GRY"]
[296,"12-2C-SH-GRY"]
[300,"22-3C-SOL-SH-GRY"]
[301,"22-3C-SH-GRY"]
[302,"20-3C-SH-GRY"]
[303,"18-3C-SH-GRY"]
[357,"22-2P-SH/UN-BLU"]
[440,"18-2P-INDSH-GRY"]
[570,"22-6C-SOL-GRY"]
[663,"16-7C-GRY"]
[700,"14-4C-FPLR-RED"]
[806,"RG6-CCTV-CM-BLK"]
[810,"RG8/U-STR-BLK"]
[811,"RG11-CCTV-BLK"]
[812,"RG58-PVC"]
[813,"RG58-CMR-BLK"]
[815,"RG59-CCTV-CM-BLK"]
[816,"RG59-STR-BLK"]
[819,"20-CMR-VIDEO-BLK"]
[821,"RG11-CATV-BLK"]
[841,"RG6-BC-CATV-BLK"]
[975,"18-2C-FPLRSH-RED"]
[977,"18-4C-FPLRSH-RED"]
[980,"18-2C-FPLR-RED"]
[982,"18-4C-FPLR-RED"]
[984,"18-6C-FPLR-RED"]
[990,"16-2C-FPLR-RED"]
[991,"16-2C-FPLRSH-RED"]
[992,"16-4C-FPLR-RED"]
[993,"16-4C-FPLRSH-RED"]
[994,"14-2C-FPLR-RED"]
[995,"14-2C-FPLRSH-RED"]
[998,"12-2C-FPLR-RED"]
[999,"12-2C-FPLRSH-RED"]
[1083,"22-4C-FPLR-RED"]
[1100,"RG11-CATV-BLK"]
[1110,"RG11-CATV-DB"]
[1135,"RG11-EX-SD-BLK"]
[1165,"RG11-TRIAXIAL-CAMERA"]
[2542,"22-2P-SIAM-EZ"]
[3011,"20-4C-SH-GRY"]
[3021,"18-6C-SH-GRY"]
[3241,"22-4C-SH-GRY"]
[3244,"18-4C-SH-GRY"]
[3245,"16-4C-SH-GRY"]
[3262,"20-5C-SH-GRY"]
[3263,"20-7C-SH-GRY"]
[3264,"20-9C-SH-GRY"]
[3265,"20-12C-SH-GRY"]
[3270,"22-6C-SH-GRY"]
[3271,"22-8C-SH-GRY"]
[3272,"22-10C-SH-GRY"]
[3272,"22-10C-SH-GRY-BX"]
[3274,"22-15C-SH-GRY"]
[3280,"18-5C-SH-GRY"]
[3751,"18-2P-OSH-GRY"]
[3811,"RG11-CM-TRIAX"]
[4245,"24-4P-L5-EN-BLU"]
[4246,"24-4P-L6-EN-BLU"]
[4806,"RG6-BC-CATV-DB"]
[4811,"RG11-BC-CATV-DB"]
[4815,"RG59-DB-CCTV"]
[5994,"RG59-TRIAXIAL-CAMERA"]
[6100,"RG6-CM-BLK"]
[6140,"RG6-CATV-DB"]
[6300,"QUADFLEX-BLK"]
[6310,"RG6-QUAD-DB"]
[6325,"RG6-DB-CCTV"]
[6350,"18-CMR-SD-BLK"]
[8195,"RGB5C-20-CMR"]
[8281,"20-DBLSH-BROADCAST-C"]
[8471,"16-2C-COM-GRY"]
[8503,"22-1C-HOOKUP-BLK"]
[8767,"22-3P-INDSH-GRY"]
[9066,"RG6-CATV-DB"]
[9110,"RG59-CATV-BLK"]
[9116,"RG6-CM-WHT"]
[9451,"22-1P-EZ-BLK"]
[9452,"24-1P-EZ-BLK"]
[9708,"18-2C-ZIP-BLK"]
[9712,"22-2C-ZIP-WHT"]
[9729,"24-2P-485-GRY"]
[9773,"18-2P-INDSH-GRY"]
[9873,"20-3P-INDSH-GRY"]
[19206,"12-3C-SJOW"]
[25210,"10-2C-TTP-WHT"]
[25291,"22-1P-CMP-EZ-WHT"]
[25806,"RG6-CCTV-PL-WHT"]
[25811,"RG11-CCTV-PL-WHT"]
[25815,"RG59-CCTV-PL-WHT"]
[25819,"20-CMP-VID-COAX-WHT"]
[25821,"RG11-P-CATV-WHT"]
[25841,"RG6-P-CATV-WHT"]
[77350,"AXLINK"]
[77350,"LLINX-U "]
[77510,"22-2P-INDSH-GRY"]
[82240,"RG58-CMP-WHT-RAN"]
[82504,"24-4P-PLCSH-WHT"]
[82723,"22-2P-PINDSH-WHT"]
[82761,"22-1P-CMP-EZ-BLK"]
[88240,"RG58-CMP-WHT"]
[88723,"22-2P-PINDSH-BLK"]
[89913,"RG8-CMP-BLK"]
[89913,"RG8-IIIVSAT-P-KYNAR"]
[89913,"WBC-400P"]
[210454,"22-2P-SIAM-EZ"]
[252815,"RG59-18/2C-PS"]
[252815,"RG59CM-18-2C"]
[252825,"SV-25-CMP"]
[254245,"24-4P-P-L5-EN-BLU"]
[254245,"24-4P-P-L5-EN-WHT"]
[254246,"24-4P-P-L6-EN-BLU"]
[256100,"RG6-P-CATV-WHT"]
[256300,"RG6-QUAD-PL-WHT"]
[256350,"18-CMP-VID-COAX-WHT"]
[258255,"RGB5C-25-CMP"]
[258265,"RGB5C-PLN"]
[513945,"RG11-CCTV-BLK"]
[533945,"RG6-CCTV-CM-BLK"]
[539945,"RG6-18-2C"]
[543945,"RG59-CCTV-CM-BLK"]
[549945,"RG59CM-18-2C"]
[551945,"RG59-STR-BLK"]
[613948,"RG11-CCTV-PL-WHT"]
[633938,"RG6-P-CATV-BLK"]
[633948,"RG6-CCTV-PL-WHT"]
[643948,"RG59-CCTV-PL-WHT"]
[649948,"RG59-18/2C-PS"]
["002320-11S","18-2C-PSH-WHT"]
["002330-S","18-3C-PSH-WHT"]
["002340-S","18-4C-PSH-WHT"]
["002350-S","18-5C-PSH-WHT"]
["002351-S","18-6C-PSH-WHT"]
["002352-S","18-8C-PSH-WHT"]
["002353-S","18-10C-PSH-WHT"]
["002360-S","18-2C-P-WHT"]
["002370-S","18-3C-P-WHT"]
["002380-S","18-4C-P-WHT"]
["002391-S","18-6C-P-WHT"]
["002392-S","18-8C-P-WHT"]
["002393-S","18-10C-P-WHT"]
["002394-S","18-12C-P-WHT"]
["003320-S","20-2C-PSH-WHT"]
["003330-S","20-3C-PSH-WHT"]
["003340-S","20-4C-PSH-WHT"]
["003350-S","20-5C-PSH-WHT"]
["003360-S","20-2C-P-WHT"]
["003370-S","20-3C-P-WHT"]
["003380-S","20-4C-P-WHT"]
["004320-S","22-2C-PSH-WHT"]
["004330-S","22-3C-PSH-WHT"]
["004340-S","22-4C-PSH-WHT"]
["004351-S","22-6C-PSH-WHT"]
["004352-S","22-8C-PSH-WHT"]
["004354-S","22-12C-PSH-WHT"]
["004360-S","22-2C-P-WHT"]
["004370-S","22-3C-P-WHT"]
["004380-S","22-4C-P-WHT"]
["004391-S","22-6C-P-WHT"]
["004392-S","22-8C-P-WHT"]
["007920-S","14-2C-PSH-WHT"]
["014100-S","18-2C-SH-GRY"]
["015100-S","20-2C-SH-GRY"]
["016100-S","22-2C-SH-GRY"]
["016300-S","22-4C-SH-GRY"]
["025100-S","22-2C-GRY"]
["026100-S","20-2C-GRY"]
["026200-S","20-3C-GRY"]
["027100-S","18-2C-GRY"]
["027200-S","18-3C-GRY"]
["027300-S","18-4C-GRY"]
["027400-S","18-6C-GRY"]
["027500-S","18-8C-GRY"]
["043004AL-S","22-1P-CMP-EZ-ORG"]
["043005AL-S","22-1P-CMP-EZ-VIO"]
["043006AL-S","22-1P-CMP-EZ-GRN"]
["10GX12","24-4P-L6A-WHT"]
["10GX13","24-4P-P-L6A-WHT"]
["10GX62F","24-4P-L6ASH-WHT"]
["10GX63F","24-4P-P-L6ASH-WHT"]
["1153A","RG11-QUAD-PL-WHT"]
["1189A","QUADFLEX-BC-BLK"]
["1189A","QUADFLEX-WHT"]
["1189A","QUADFLEX-YEL-RAN"]
["1189AP","RG6-QUAD-CMP-WHT"]
["1192A","24-2P-STAR-BLK"]
["1212","24-4P-L5-EN-BLU"]
["1212F","24-4P-L5SH-EN-BLU"]
["1213","24-4P-P-L5-EN-BLU"]
["1213F","24-4P-P-L5SH-BLK"]
["1227A1","24-2P-L3-GRY-BX"]
["1229A1","24-4P-L3-GRY-BX"]
["1243A2","24-2P-P-L3-WHT-BX"]
["1277R","RGB3C-23-CM"]
["1279P","RGB5C-25-CMP"]
["1279R","RGB3C-25-CM"]
["1279R","RGB5C-25-CM"]
["1307A","16-2C-DB-BLK"]
["1308A","16-4C-DB-BLK"]
["1309A","14-2C-DB-BLK"]
["1310A","14-4C-DB-BLK"]
["1311A","12-2C-DB-BLK"]
["1312A","12-4C-DB-BLK"]
["1312A","12-4C-DB-BLK-RAN"]
["1313A","10-2C-KO-WHT"]
["1314SB","14-2C-HF-BLU"]
["1315SB","14-4C-HF-BLU"]
["1316SB","12-2C-HF-BLU"]
["1325A","22-2P-PINDSH-WHT"]
["1351A","24-4P-L6SH-HT-VIO"]
["1369P","18-CMP-VID-COAX-WHT"]
["1369R","18-CMR-SD-BLK"]
["1370P","20-CMP-VID-COAX-WHT"]
["1370R","20-CMR-VIDEO-BLK"]
["1371P","23-MINI-CMP-BLK"]
["1382LA","LUTRON-EBC"]
["1382LP","LUTRON-P-EBC"]
["1384LA","LUTRON-ESC"]
["1384LP","LUTRON-P-ESC"]
["1385LA","LUTRON-GRN"]
["1385LA","LUTRON-YEL"]
["1385LP","LUTRON-P-GRN"]
["1385LP","LUTRON-P-YEL"]
["1386LA","LUTRON-RBL"]
["1386LP","LUTRON-P-RBL"]
["1387LA","LUTRON-QSC"]
["1387LP","LUTRON-P-QSC"]
["1389LA","LUTRON-RED"]
["1392A","AXLINK"]
["1392A","LLINX-U"]
["1392P","AXLINK-P"]
["1392P","LLINX-U-P"]
["1418B","RGB5C-PVC"]
["1421A","24-4P-SH-LIBII"]
["150100-S","22-2P-PINDSH-WHT"]
["1502P","LLINX-U-P"]
["1502R","LLINX-U"]
["1502SB","18/22-2C-HF-VIO"]
["1502SB","LLINX-U-HF"]
["1503A","22-2C-SH-GRY"]
["1505A","20-CMR-VIDEO-BLK"]
["1506A","20-CMP-VID-COAX-WHT"]
["1523A","RG11-CATV-BLK"]
["1523AP","RG11-P-CATV-WHT"]
["1525A","RG11-CATV-DB"]
["1530A","RG6-CM-BLK-RAN"]
["1530AP","RG6-P-CATV-WHT-RAN"]
["1583A","24-4P-L5-HT-BLU"]
["1583R","24-4P-L5-EN-BLU"]
["1585A","24-4P-P-L5-EN-WHT"]
["1592A","24-4P-STR-L5-EN-BLK "]
["160100-S","18-2P-PINDSH-WHT"]
["1617A","RG11-QUAD"]
["1618A","RG11-QUAD-DB"]
["1694A","18-CMR-SD-BLK"]
["1694SB","RG6-SD-HF-BLK"]
["1695A","18-CMP-VID-COAX-WHT"]
["1702A","24-8P-L5E-SIAM-BLU"]
["1800B","24-1P-DIG-AUDIO-BLK"]
["1801B","24-1P-P-DIG-AUDIO"]
["1808A","SV-25-CM"]
["1808A","SV-PVC"]
["1829A","QUADFLEX-BLK"]
["1829AC","RG6-CM-BLK"]
["1829AP","RG6-P-CATV-WHT"]
["1839A","RG6-CATV+G-BLK"]
["1840AC","RG6-BC-SIAM-G"]
["1841A","RG6-CM-SIAM-BLK"]
["1841AC","RG6-BC-SIAM"]
["1855A","23-MINI-SD-BLK"]
["1855P","23-MINI-CMP-WHT"]
["1865A","25-CMR-BLK"]
["1965A","18-CMP-VID-RED-RAN"]
["22-020-02","RGB5C-PVC-500"]
["22-020-03","RGB5C-PVC"]
["22-098-02","18-CMR-SD-BLK"]
["22-100-02","RGB5C"]
["22-103-02","RGB5C-PLN-500"]
["22-103-03","RGB5C-PLN"]
["22-119-02","LLINX-U-P-500"]
["22-119-03","LLINX-U-P"]
["22-123-03","SV-PVC"]
["22-127-02","RGB5C-23-CM"]
["22-128-02","RGB6C-PVC-YEL-500"]
["22-128-03","RGB6C-PVC-YEL"]
["22-129-03","SV-PLN"]
["22-130-02","RGB6C/22-2P-PLN-WHT"]
["22-141-03","TRUPHASE"]
["22-142-03","TRUPHASE-P"]
["22-145-03","20-CMR-VIDEO-BLK"]
["22-146-02","20-CMP-VID-COAX-BLK"]
["22-146-03","20-CMP-VID-COAX-WHT"]
["22-148-02","LLINX-U-500"]
["22-148-03","LLINX-U"]
["22-150-03","18-2C-GRY"]
["22-151-03","16-2C-COM-GRY"]
["22-152-03","14-2C-GRY"]
["22-153-03","18-2C-P-WHT"]
["22-154-03","16-2C-TTP-WHT"]
["22-155-03","14-2C-P-WHT"]
["22-156-03","22-1P-EZ-BLK"]
["22-157-03","20-2C-SH-GRY"]
["22-158-03","22-1P-CMP-EZ-WHT"]
["22-159-03","20-2C-PSH-WHT"]
["22-160-03","22-2P-INDSH-GRY"]
["22-161-03","20-2P-INDSH-GRY"]
["22-162-03","22-2P-PINDSH-WHT"]
["22-163-03","20-2P-PINDSH-WHT"]
["22-164-02","18-CMP-VID-COAX-BLK"]
["22-164-03","18-CMP-VID-COAX-WHT"]
["22-173-03","24-1P-DIG-AUDIO-BLK"]
["22-174-03","24-2P-485-GRY"]
["22-175-02","RGB6C/22-2P"]
["22-179-03","24-1P-P-DIG-AUDIO"]
["22-180-03","24-2P-PLCSH-WHT"]
["22-181-02","RGB6C/22-2P-PLN-500"]
["22-181-03","RGB6C/22-2P-PLN"]
["22-185-02","RGB3C-23-CM"]
["22-195-03","24-2P-P485-WHT"]
["2412","24-4P-L6-EN-BLU"]
["2412F","24-4P-L6SH-YEL"]
["2413","24-4P-P-L6-EN-BLU"]
["2413F","24-4P-P-L6SH-YEL"]
["251006-S","22-2P-SH/UN-GRY"]
["251357WBT-S","22-4C-WL"]
["25186B","18-6C-P-WHT"]
["25188B","18-8C-P-WHT"]
["25221B","22-2C-P-WHT"]
["25222B","20-2C-P-WHT"]
["25222B","20-2C-P-WHT"]
["25224B","18-2C-P-WHT"]
["25225B","16-2C-P-WHT"]
["25225B","16-2C-TTP-WHT"]
["25226B","14-2C-P-WHT"]
["25226B","14-2C-TTP-WHT"]
["25227B","12-2C-P-WHT"]
["25227B","12-2C-P-WHT"]
["25227B","12-2C-TTP-WHT"]
["25231B","22-3C-PSH-WHT"]
["25231B","22-3C-P-WHT"]
["25232B","20-3C-P-WHT"]
["25234B","18-3C-P-WHT"]
["25235B","16-3C-P-WHT"]
["25236B","14-3C-P-WHT"]
["25240B","22-4C-SOL-P-WHT"]
["25241B","22-4C-P-WHT"]
["25241B","22-4C-P-WHT"]
["25242B","20-4C-P-WHT"]
["25244B","18-4C-P-WHT"]
["25245B","16-4C-P-WHT"]
["25245B","16-4C-TTP-WHT"]
["25246B","14-4C-P-WHT"]
["25248B","12-4C-P-WHT"]
["25248B","12-4C-P-WHT"]
["25270B","22-6C-P-WHT"]
["25271B","22-8C-P-WHT"]
["25272B","22-10C-P-WHT"]
["25273B","22-12C-P-WHT"]
["25274B","22-15C-P-WHT"]
["252815E","RG59-18/2C-PS"]
["25291B","22-2C-PSH-WHT"]
["25291B","22-2C-PSH-WHT"]
["25292B","20-2C-PSH-WHT"]
["25292B","20-2C-TTPSH-WHT"]
["25293B","18-2C-PSH-WHT"]
["25294B","16-2C-PSH-WHT"]
["25295B","14-2C-PSH-WHT"]
["25296B","12-2C-PSH-WHT"]
["252CSVHS","SV-25-CMP"]
["25301B","22-3C-PSH-WHT"]
["25301B","22-3C-SH-GRY"]
["25302B","20-3C-PSH-WHT"]
["25303B","18-3C-PSH-WHT"]
["253186B","18-6C-PSH-WHT"]
["253188B","18-8C-PSH-WHT"]
["253241B","22-4C-PSH-WHT"]
["253244B","18-4C-PSH-WHT"]
["253244B","18-4C-PSH-WHT"]
["253270B","22-6C-PSH-WHT"]
["253271B","22-8C-PSH-WHT"]
["253272B","22-10C-PSH-WHT"]
["253274B","22-15C-PSH-WHT"]
["25357B","22-2P-PSH/UN-WHT"]
["253CRGB","RGB3C-25-CMP"]
["254245F","24-4P-P-L5SH-YEL"]
["254246AF","24-4P-P-L6ASH-WHT"]
["254246F","24-4P-P-L6SH-YEL"]
["25440B","18-2P-PINDSH-WHT"]
["25440B","18-2P-PINDSH-WHT"]
["25441B","18-3P-PINDSH-WHT"]
["25441B","22-3P-PINDSH-WHT"]
["255002-S","22-2P-PSH/UN-WHT"]
["25510B","22-2P-PINDSH-WHT"]
["25510B","22-2P-PINDSH-WHT"]
["255CRGB","RGB5C-25-CMP"]
["256CRGB2P","RGB6C/22-2P-PLN"]
["25815E","RG59-CCTV-PL-WHT"]
["25855B","22-5C-P-WHT"]
["25Q821","RG11-QUAD-PL-WHT"]
["25Q841","RG6-QUAD-CMP-WHT"]
["25Q841","RG6-QUAD-PL-WHT"]
["332500-S","24-25P-L3-GRY"]
["3CRGB","RGB3C-25-CM "]
["414400-S","18-6C-SH-GRY"]
["4150102-S","22-2P-CMP-SIAMEZ"]
["416500-S","22-8C-SH-GRY"]
["4245F","24-4P-L5SH-EN-BLK"]
["4245-OSP","24-4P-L5-EN-DB"]
["4246AF","24-4P-L6ASH-WHT"]
["4246F","24-4P-L6SH-BLK"]
["4246-OSP","24-4P-L6-EN-DB"]
["425300-S","22-4C-ST-GHT"]
["425310-S","22-4C-SO-HT"]
["425318-S","22-4C-SO-GHT"]
["428100-S","16-2C-GRY"]
["428300-S","16-4C-COM-GRY"]
["441320-S","16-2C-PSH-WHT"]
["442320-S","18-2C-PSH-WHT"]
["442380-S","18-4C-P-WHT"]
["444394-S","22-12C-P-WHT"]
["445600-S","24-4P-P-L3-WHT-BX"]
["447960-S","14-2C-P-WHT"]
["5000FE","12-2C-SH-GRY"]
["5000FL","12-2C-FPLRSH-RED"]
["5000UE","12-2C-GRY"]
["5000UL","12-2C-FPLR-RED"]
["5000UP","12-1P-UC-WHT"]
["5000UP","12-2C-EX+-WHT"]
["5001UE","12-3C-GRY"]
["5002UE","12-4C-GRY"]
["5002UP","12-2P-UC-WHT"]
["5002UP","12-4C-BLK"]
["5002UP","12-4C-EX+-WHT"]
["5020FN","12-2C-VNTC-BLK"]
["5020UL","12-2C-FPLR-RED"]
["5100FE","14-2C-SH-GRY"]
["5100FE","14-2C-SH-GRY"]
["5100FL","14-2C-FPLRSH-RED"]
["5100UE","14-2C-GRY"]
["5100UE","14-2C-GRY"]
["5100UL","14-2C-FPLR-RED"]
["5100UP","14-1P-UC-WHT"]
["5100UP","14-2C-EX+-WHT"]
["5100UP","14-2C-KO+-WHT"]
["5100UP","14-2C-KO+-WHT"]
["5102U1","14-4C-DB-BLK"]
["5102UE","14-4C-GRY"]
["5102UE","14-4C-GRY "]
["5102UL","14-4C-FPLR-RED"]
["5102UP","14-2P-UC-WHT"]
["5102UP","14-4C-EX+-WHT"]
["5102UP","14-4C-KO+-WHT"]
["5120FL","14-2C-FPLRSH-RED"]
["5120UL","14-2C-FPLR-RED"]
["5140U1","14-2C-DB-BLK"]
["5200FE","16-2C-SH-GRY"]
["5200UE","16-2C-GRY"]
["5200UL","16-2C-FPLR-RED"]
["5200UP","16-2C-KO+-WHT"]
["5201UE","16-3C-GRY"]
["5202FE","16-4C-SH-GRY"]
["5202FE","16-4C-SH-GRY"]
["5202U1","16-4C-DB-BLK"]
["5202UE","16-4C-GRY"]
["5202UL","16-4C-FPLR-RED"]
["5202UP","16-4C-KO+-WHT"]
["5205UE","16-7C-GRY"]
["5220FL","16-2C-FPLRSH-RED"]
["5220UL","16-2C-FPLR-RED"]
["5222FL","16-4C-FPLRSH-RED"]
["5222UL","16-4C-FPLR-RED"]
["5240U1","16-2C-DB-BLK"]
["5300FE","18-2C-SH-GRY"]
["5300U1","UB18-2C-BLK"]
["5300UE","18-2C-GRY"]
["5300UL","18-2C-FPLR-RED"]
["5300UP","18-2C-EX-MC-GRN"]
["5301FE","18-3C-SH-GRY"]
["5301UE","18-3C-GRY"]
["5302FE","18-4C-SH-GRY"]
["5302UE","18-4C-GRY"]
["5302UE","18-4C-GRY"]
["5302UL","18-4C-FPLR-RED"]
["5302UP","18-4C-EX-MC-GRN"]
["5303FE","18-5C-SH-GRY"]
["5303UE","18-5C-GRY"]
["5304FE","18-6C-SH-GRY"]
["5304FE","18-6C-SH-GRY"]
["5304UE","18-6C-GRY"]
["5305UE","18-7C-GRY"]
["5306FE","18-8C-SH-GRY"]
["5306UE","18-8C-GRY"]
["5306UL","18-8C-FPLR-RED"]
["5309UE","18-12C-GRY"]
["5309UL","18-12C-FPLR-RED"]
["5320FL","18-2C-FPLRSH-RED"]
["5320UL","18-2C-FPLR-RED"]
["5322FL","18-4C-FPLRSH-RED"]
["5322UL","18-4C-FPLR-RED"]
["5324UL","18-6C-FPLR-RED"]
["5339Q5","QUADFLEX-BC-WHT"]
["5341FE","18-2P-OSH-GRY"]
["5400FE","20-2C-SH-GRY"]
["5400UE","20-2C-GRY"]
["5401FE","20-3C-SH-GRY"]
["5401UE","20-3C-GRY"]
["5402FE","20-4C-SH-GRY"]
["5402UE","20-4C-GRY"]
["5403UE","20-5C-GRY"]
["5439X5","RG59-CCTV-YEL-WL"]
["5500FE","22-2C-SH-GRY"]
["5500UE","22-2C-GRY"]
["5500UG","22-2C-ST-HT"]
["5501FE","22-3C-SH-GRY"]
["5501UE","22-3C-GRY-BX"]
["5501UE","22-3C-P-WHT"]
["5502FE","22-4C-SH-GRY"]
["5502G1","22-2P-SH/UN-BLU-WL"]
["5502GE","22-2P-SH/UN-BLU"]
["5502UE","22-4C-FPLP-RED"]
["5502UE","22-4C-GRY"]
["5502UG","22-4C-ST-HT"]
["5502UL","22-4C-FPLR-RED"]
["5504FE","22-6C-SH-GRY"]
["5504G1","UBC22-6C-2SH/4UN-BLK"]
["5504UE","22-6C-GRY"]
["5504UL","22-6C-FPLR-RED"]
["5506FE","22-8C-SH-GRY"]
["5506UE","22-8C-GRY"]
["5508FE","22-10C-SH-GRY-BX"]
["5508FE","22-10C-SH-GRY-BX  "]
["5508UE","22-10C-GRY"]
["5509UE","22-12C-GRY"]
["5520FE","22-2C-SOL-SH-GRY"]
["5520UE","22-2C-SOL-GRY"]
["5520UG","22-2C-SO-HT"]
["5522G1","22-2P-SH/UN-BLU-WL"]
["5522UE","22-4C-SOL-WHT-BAG"]
["5522UG","22-4C-SO-HT"]
["5522UL","22-4C-FPLR-RED"]
["5524UE","22-6C-GRY"]
["5524UE","22-6C-SOL-GRY"]
["5526UE","22-8C-GRY"]
["5529UE","22-12C-GRY"]
["5541FE","22-2P-INDSH-GRY"]
["5542FE","22-3P-INDSH-GRY"]
["5543FE","22-4P-INDSH-GRY"]
["5545FE","22-6P-INDSH-GRY"]
["555610-11S","24-4P-P-L5-EN-BLK"]
["555610-S","24-4P-P-L5-EN-WHT"]
["5556130-S","24-4P-P-L5-EN-YEL"]
["5556140-S","24-4P-P-L5-EN-ORG"]
["5556150-S","24-4P-P-L5-EN-VIO"]
["5556160-S","24-4P-P-L5-EN-GRN"]
["5556180-S","24-4P-P-L5-EN-GRY"]
["555619-S","24-4P-P-L5-EN-BLU"]
["555630-S","24-4P-P-L5SH-WHT"]
["556600-S","24-4P-P-L6-EN-WHT"]
["5566030-S","24-4P-P-L6-EN-YEL"]
["5566040-S","24-4P-P-L6-EN-ORG"]
["5566050-S","24-4P-P-L6-EN-VIO"]
["556609-S","24-4P-P-L6-EN-BLU"]
["5663U5","24-4P-L5-HT-BLU"]
["5663U6","24-4P-L6-HT-BLU"]
["5CRGB","RGB5C-25-CM"]
["5T00UP","10-2C-EX+-WHT"]
["5T00UP","10-2C-KO-WHT"]
["6000FE","12-2C-PSH-WHT"]
["6000UE","12-2C-P-WHT"]
["6000UE","12-2C-TTP-WHT"]
["6001UE","12-3C-P-WHT"]
["6002FE","12-4C-PSH-WHT"]
["6002UE","12-4C-P-WHT"]
["60164B","16-4C-FPLP-RED"]
["6020FL","12-2C-FPLPSH-RED"]
["6020UL","12-2C-FPLP-RED"]
["606111DB-S","RG6-DB-CCTV"]
["606111-S","RG6-CCTV-CM-BLK"]
["606124-30S500","QUADFLEX-YEL"]
["606124-S","QUADFLEX-BLK"]
["606211-S","RG6-CCTV-PL-WHT"]
["606224-S","RG6-QUAD-CMP-WHT"]
["60700B","14-4C-FPLP-RED"]
["60975B","18-2C-FPLPSH-RED"]
["60977B","18-4C-FPLPSH-RED"]
["60980B","18-2C-FPLP-RED"]
["60982B","18-4C-FPLP-RED"]
["60990B","16-2C-FPLPSH-RED"]
["60991B","16-2C-FPLP-RED"]
["60992B","14-2C-FPLPSH-RED"]
["60993B","14-2C-FPLP-RED"]
["60994B","12-2C-FPLPSH-RED"]
["60995B","12-2C-FPLP-RED"]
["6100FE","14-2C-PSH-WHT"]
["6100UE","14-2C-P-WHT"]
["6100UE","14-2C-TTP-WHT"]
["6100UL","14-2C-FPLPSH-RED"]
["6101FE","14-3C-PSH-WHT"]
["6102FE","14-4C-PSH-WHT"]
["6102UE","14-4C-P-WHT"]
["6102UL","14-4C-FPLPSH-RED"]
["6120FL","14-2C-FPLPSH-RED"]
["6120UL","14-2C-FPLP-RED"]
["6139B8","RG11-P-CATV-BLK"]
["6200FE","16-2C-PSH-WHT"]
["6200UE","16-2C-P-WHT"]
["6200UE","16-2C-TTP-WHT"]
["6200UL","16-2C-FPLPSH-RED"]
["6201FE","16-3C-PSH-WHT"]
["6202FE","16-4C-PSH-WHT"]
["6202UE","16-4C-P-WHT"]
["6202UE","16-4C-TTP-WHT"]
["6202UL","16-4C-FPLPSH-RED"]
["6220FL","16-2C-FPLPSH-RED"]
["6220UL","16-2C-FPLP-RED"]
["6222FL","16-4C-FPLPSH-RED"]
["6222UL","16-4C-FPLP-RED"]
["6300FE","18-2C-PSH-WHT"]
["6300UE","18-2C-P-WHT"]
["6300UL","18-2C-FPLPSH-RED"]
["6301FE","16-4C-FPLPSH-RED"]
["6301FE","18-3C-PSH-WHT"]
["6301UE","18-3C-P-WHT"]
["6301UL","18-3C-FPLPSH-RED"]
["6302FE","18-4C-PSH-WHT"]
["6302UE","18-4C-P-WHT"]
["6302UL","18-4C-FPLPSH-RED"]
["6304FE","18-6C-PSH-WHT"]
["6304UE","18-6C-P-WHT"]
["6304UL","18-6C-FPLPSH-RED"]
["6306FE","18-8C-PSH-WHT"]
["6306UE","18-8C-P-WHT"]
["6306UL","18-8C-FPLPSH-RED"]
["6307FE","18-9C-PSH-WHT"]
["6309FE","18-12C-PSH-WHT"]
["6309UE","18-12C-P-WHT"]
["6320FL","18-2C-FPLPSH-RED"]
["6322FL","18-4C-FPLPSH-RED"]
["6322UL","18-4C-FPLP-RED"]
["6400FE","20-2C-PSH-WHT"]
["6400UE","20-2C-P-WHT"]
["6401FE","20-3C-PSH-WHT"]
["6401UE","20-3C-P-WHT"]
["6402FE","20-4C-PSH-WHT"]
["6402UE","20-4C-P-WHT"]
["6500FE","22-2C-PSH-WHT"]
["6500UE","22-2C-P-WHT"]
["6501FE","22-3C-PSH-WHT"]
["6501UE","22-3C-P-WHT"]
["6502FE","22-4C-PSH-WHT"]
["6502UE","22-4C-P-WHT"]
["6504FE","22-6C-PSH-WHT"]
["6504UE","22-6C-P-WHT"]
["6504UL","22-6C-FPLPSH-RED"]
["6506FE","22-8C-PSH-WHT"]
["6506UE","22-8C-P-WHT"]
["6508FE","22-10C-PSH-WHT"]
["6508UE","22-10C-P-WHT"]
["6509UE","22-12C-P-WHT"]
["6522UL","22-4C-FPLPSH-RED"]
["6541PA","22-2P-CMP-SIAMEZ"]
["6541PA","22-2P-P-SNAKE"]
["6542PA","22-3P-PINDSH-WHT"]
["6543PA","22-4P-P-SNAKE"]
["6545PA","22-6P-P-SNAKE"]
["6546PA","22-8P-P-SNAKE"]
["6548PA","22-12P-P-SNAKE"]
["6549PA","22-16P-P-SNAKE"]
["659111-07S","RG59-CCTV-CM-BLK"]
["659111-07S500","RG59-CCTV-CM-BLK"]
["659111DB-S","RG59-DB-CCTV"]
["659111-S","RG59-CCTV-CM-BLK"]
["659116-07S","RG59CM-18-2C"]
["659116DB-S","RG59-18/2C-DB"]
["659116-S","RG59CM-18-2C"]
["659211-11S","RG59-CCTV-PL-BLK"]
["659211-S","RG59-CCTV-PL-WHT"]
["659211-S250","RG59-CCTV-PL-WHT"]
["659216-30S","RG59-18/2C-PS"]
["659216-S","RG59-18/2C-PS"]
["659216-S500","RG59-18/2C-PS"]
["665610-11DBS","24-4P-L5-EN-DB"]
["6663U5","24-4P-P-L5-HT-BLK"]
["6663U6","24-4P-P-L6-HT-BLK"]
["6CRGB2P","RGB6C/22-2P"]
["6CRGB4P","RGB6C-25-2L5E"]
["6T00UP","10-2C-TTP-WHT"]
["712100-S","14-2C-FPLRSH-RED"]
["713100-S","16-2C-FPLRSH-RED"]
["714100-S","18-2C-FPLRSH-RED"]
["723100-S","12-2C-FPLR-RED"]
["727100-S","18-2C-FPLR-RED"]
["727300-S","18-4C-FPLR-RED"]
["727400-S","18-6C-FPLR-RED"]
["728100-S","16-2C-FPLR-RED"]
["728300-S","16-4C-FPLR-RED"]
["728300-S500","16-4C-FPLR-RED"]
["729100-S","14-2C-FPLR-RED"]
["729300-S","14-4C-FPLR-RED"]
["735O2T","735T2-DS3/4-TRACER"]
["761260-S","12-2C-FPLP-RED"]
["761320-S","16-2C-FPLPSH-RED"]
["761360-S","16-2C-FPLP-RED"]
["761380-S","16-4C-FPLP-RED"]
["762320-S","18-2C-FPLPSH-RED"]
["762340-S","18-4C-FPLPSH-RED"]
["762360-S","18-2C-FPLP-RED"]
["762380-S","18-4C-FPLP-RED"]
["762392-S","18-8C-FPLP-RED"]
["767960-S","14-2C-FPLP-RED"]
["7700A","SV-PLN"]
["7712A","RGB5C"]
["7731A","RG11-EX-SD-BLK"]
["7732A","RG11-EX-PLN"]
["775600-10S","24-4P-L6-EN-WHT"]
["775600-11DBS","24-4P-L6-EN-DB"]
["7756030-S","24-4P-L6-EN-YEL"]
["7756040-S","24-4P-L6-EN-ORG"]
["7756060-S","24-4P-L6-EN-GRN"]
["775609-S","24-4P-L6-EN-BLU"]
["7787A","RGB3C-23-CM"]
["7789A","RGB5C-23-CM"]
["7794A","RGB3C-20-CMR"]
["7796A","RGB5C-20-CMR"]
["7805A","WBC-100"]
["7806A","WBC-195"]
["7806R","RG58-CMR-BLK"]
["7806R","WBC-195R"]
["7807A","WBC-200"]
["7807R","WBC-200R"]
["7808A","WBC-240"]
["7808R","WBC-240R"]
["7809A","WBC-300"]
["7809R","WBC-300R"]
["7810A","WBC-400"]
["7810R","WBC-400R"]
["7877A","CEBUS-CM-2N1-J"]
["7881A","24-4P-L6-EN-BLU"]
["7913A","CEBUS-2N2-J-LBL"]
["7914A","CEBUS-CM-F-J"]
["7916A","QUADFLEX-BC-BLK"]
["7949A","AUDIOCAT-HT"]
["7952A","AUDIOCAT-14"]
["7976A","WBC-500"]
["7976R","WBC-500R"]
["7977A","WBC-600"]
["7977R","WBC-600R"]
["7987P","TRUPHASE-P"]
["7987P","TRUPHASE-P"]
["7987R","TRUPHASE"]
["7987R","TRUPHASE"]
["7987R","TRUPHASE "]
["7997A","24-4P-L5-EN-DB"]
["81402105-S","14-2C-EX+-WHT"]
["81402105-S500","14-2C-EX+-WHT"]
["8140241-S","14-2C-HT"]
["8140241-S500","14-2C-HT"]
["8160265-11S","16-2C-KO+-BLK"]
["8160265-S","16-2C-KO+-WHT"]
["8160265-S500","16-2C-KO+-WHT-500"]
["8160465-11S","16-4C-KO+-BLK"]
["8160465-S","16-4C-KO+-WHT"]
["8160465-S500","16-4C-KO+-WHT-500"]
["81604CAT5E-S","AUDIOCAT+"]
["81604CAT5E-S500","AUDIOCAT+"]
["8180222LC-S","AXLINK"]
["8180222LC-S","LLINX-U"]
["8180222LUT-S","LUTRON-YEL"]
["818041602LUT-S","LUTRON-RED"]
["8213","RG11-CCTV-BLK"]
["8214","RG8/U-STR-BLK"]
["8219","RG58-PVC"]
["8221","RG59-STR-BLK"]
["8233A","RG11-CM-TRIAX"]
["8281","20-DBLSH-BROADCAST-C"]
["82842","24-2P-P485-WHT"]
["8606123-07S","RG6-CM-WHT"]
["8606123-S","RG6-CM-BLK"]
["8606QUAD-S","QUADFLEX-BC-WHT"]
["8665610-10S","24-4P-L5-EN-WHT"]
["8665610-11S","24-4P-L5-EN-BLK"]
["8665610-S","24-4P-L5-EN-GRY"]
["86656130-S","24-4P-L5-EN-YEL"]
["86656140-S","24-4P-L5-EN-ORG"]
["86656150-S","24-4P-L5-EN-VIO"]
["86656160-S","24-4P-L5-EN-GRN"]
["8665619-S","24-4P-L5-EN-BLU"]
["8723","22-2P-INDSH-GRY"]
["8723SB","22-2P-INDSH-HF-RED"]
["8730","22-2P-SH/UN-GRY"]
["9104P","RG59-CATV-PL-YEL"]
["9116","RG6-CM-BLK"]
["9116P","RG6-P-CATV-BLK"]
["9160219-11S","16-2C-P-BLK"]
["9221PSPVC-09S","22-1P-EZ-BLU"]
["9221PSPVC-S","22-1P-EZ-GRY"]
["92ELEMPLNBK-S","AXLINK-P"]
["92ELEMPLNTY-S","LLINX-U-P"]
["9310","RG58-CMR-BLK"]
["9402","20-2P-INDSH-GRY"]
["9451","22-1P-EZ-BLK"]
["9451D","22-2P-SIAM-EZ"]
["9451D","22-2P-SIAM-EZ "]
["9451DP","22-2P-CMP-SIAMEZ"]
["9451P","22-1P-CMP-EZ-WHT"]
["9501","24-1P-CMP-EZ-WHT"]
["9606223-S","18-CMP-VID-COAX-BLK"]
["9659113-09S","20-CMR-VIDEO-BLK"]
["9842","24-2P-485-BLK"]
["9913","RG8-CMR-BLK"]
["991360-S","16-2C-P-WHT"]
["991380-S","16-4C-P-WHT"]
["997980-S","14-4C-P-WHT"]
["9RGB3CSOLPVC-S","RGB3C-25-CM"]
["9RGB5CSOLPLN-S","RGB5C-25-CMP"]
["9RGB5CSOLPVC-S","RGB5C-25-CM"]
["9RGB5CSTRPLN-S","RGB5C-PLN"]
["9RGB6CAUDPLN-S","RGB6C/22-2P-PLN"]
["AQ224","UB18-2C-BLK"]
["AQ225","UB16-2C-BLK"]
["AQ226","UB14-2C-BLK"]
["AQ227","UB12-2C-BLK"]
["AQ244","UB18-4C-BLK"]
["AQ245","UB16-4C-BLK"]
["AQ246","UB14-4C-BLK"]
["AQ293","UB18-2C-SH-BLK"]
["AQ294","UB16-2C-SH-BLK"]
["AQ295","UB14-2C-SH-BLK"]
["AQ296","UB12-2C-SH-BLK"]
["AQ3244","UB18-4C-SH-BLK"]
["AQ3245","UB16-4C-SH-BLK"]
["AQ806","RG6-CCTV-BLK-WL"]
["AQC226","UB14-2C-BLK"]
["AQC293","UBC18-2C-SH-BLK"]
["AQC357","22-2P-SH/UN-BLU-WL"]
["AQC373","UBC22-6C-2SH/4UN-BLK"]
["AQC806","RG6-CCTV-BLK-WL"]
["AQC815","RG59-CCTV-BLK-WL"]
["AQC815","RG59-CCTV-YEL-WL"]
["B6501FE","22-3C-PSH-WHT"]
["C2415","LLINX-CR"]
["C2425","LLINX-D"]
["CN-1401405012     ","1401405012-I"]
["D252402","24-2P-PLCSH-WHT"]
["D25350","AXLINK-P"]
["D25350","LLINX-U-P"]
["D25431","22-3P-PINDSH-WHT"]
["D25432","22-6P-PINDSH-WHT"]
["D25439","22-4P-PINDSH-WHT"]
["D25454","22-1P-CMP-EZ-WHT"]
["D254852","24-2P-P485-WHT"]
["D430","22-2P-INDSH-GRY"]
["D440","18-2P-INDSH-GRY"]
["D4852","24-2P-485-BLK"]
["DA2401","24-1P-DIG-AUDIO-BLK"]
["DA252401","24-1P-P-DIG-AUDIO"]
["DFLEX4","24-4P-P-L3-WHT-BX"]
["DIW100","24-100P-L3-GRY"]
["DIW2","24-2P-L3-GRY-BX"]
["DIW25","24-25P-L3-GRY"]
["DIW50","24-50P-L3-GRY"]
["DIW6","24-6P-L3-GRY-BX"]
["DS401TS","24-1P-P-DIG-AUDIO"]
["E1854","ELAN-CM-VIA"]
["HA1624","AUDIOCAT-SIAMESE"]
["HA210","10-2C-EX+-WHT"]
["HA210","10-2C-KO-WHT"]
["HA225","16-2C-KO+-WHT"]
["HA226","14-2C-KO+-WHT"]
["HA227","12-2C-EX+-TEA"]
["HA227","12-2C-EX+-WHT"]
["HA245","16-4C-KO+-LGN"]
["HA245","16-4C-KO+-WHT"]
["HA246","14-4C-KO+-WHT"]
["HA248","12-4C-EX+-TEA"]
["HA294","16-2C-SHEX-RBL"]
["HA3245","16-4C-SHEX-RBL"]
["HN5161","CEBUS-CM-1N1-SIAM"]
["HN5262","CEBUS-2N2-J-LBL"]
["HN5262F","CEBUS-CM-F-J"]
["HQ841","QUADFLEX-BC-BLK"]
["M57561","24-4P-L5SH-EN-BLU"]
["M57562","24-4P-L5-EN-ARMOR"]
["M57622","24-4P-L6-OD-BLK"]
["M58813","TRUPHASE"]
["M58814","TRUPHASE-P"]
["M9A039","6FRIMM10-D"]
["M9A042","12FRIMM10-D"]
["M9A043","2FPIMM10-D"]
["M9A043T","2FPIOMM10-D"]
["M9A045","6FPIMM10-D"]
["M9C006","4FRIOMM10-BO"]
["M9C014","4FPIMM10-BO"]
["NS25424","TRUPHASE-P"]
["NS424","TRUPHASE"]
["OSP6U","24-4P-L6-EN-DB"]
["Q821","RG11-QUAD-BLK"]
["Q821F","RG11-QUAD-DB"]
["Q841","RG6-QUAD-DB"]
["RGBSC250","RGB5-STAGE"]
["RGBSC250","RGB5-STAGE-RAN"]
["U001260-11S","12-2C-P-BLK"]
["VC2095/2PZ","RG59CM-18-2C"]
["WP258195","RGB5C-20-CMP"]
["WP258255","RGB5C-25-CMP"]
["WP258263","RGB3C-PLN"]
["WP258265","RGB5C-PLN"]
["WP54982","24-2P-L3-GRY-BX"]
["WP55211","24-100P-L3-GRY"]
["WP55216","24-50P-L3-GRY"]
["WP55700","24-25P-L3-GRY"]
["WP56126","24-50P-P-L3-WHT"]
["WP56801","24-25P-P-L3-WHT"]
["WP58141","24-25P-L5-EN-GRY"]
["X454","22-1P-EZ-BLK"]

{"sheet":"Table","index":4,"n_rows":1730,"n_cols":7,"rows_kept":1730,"cut":false,"hidden":true,"merged":[]}
["ITEM_NBR","Diameter",null,null,null,"Range","Conduit Size"]
[221,0.12,null,null,null,1.0000000000000001E-5,0.5]
[224,0.156,null,null,null,0.622,0.5]
[225,0.182,null,null,null,0.623,0.75]
[226,0.23,null,null,null,0.82399999999999995,0.75]
[227,0.26300000000000001,null,null,null,0.82499999999999996,1]
[291,0.127,null,null,null,1.0489999999999999,1]
[293,0.16,null,null,null,1.05,1.25]
[294,0.186,null,null,null,1.38,1.25]
[454,0.13500000000000001,null,null,null,1.381,1.5]
[651,0.192,null,null,null,1.61,1.5]
[652,0.20499999999999999,null,null,null,1.611,2]
[654,0,null,null,null,2.0670000000000002,2]
[655,0,null,null,null,2.0680000000000001,2.5]
[751,0.25700000000000001,null,null,null,2.7309999999999999,2.5]
[2412,0.216,null,null,null,2.7320000000000002,3]
[8214,0.40300000000000002,null,null,null,3.3559999999999999,3]
[8477,0.38600000000000001,null,null,null,3.3570000000000002,3.5]
[8762,0.20399999999999999,null,null,null,3.8340000000000001,3.5]
[8770,0.246,null,null,null,3.835,4]
[9807,0.24,null,null,null,4.3339999999999996,4]
[9808,0.25600000000000001]
[9809,0.28999999999999998]
[9913,0.40500000000000003]
[9940,0.215]
[25210,0.25700000000000001]
[82778,0.314]
[89913,0.36]
[823225,0.28499999999999998]
[9020127,0.26600000000000001]
["002E58-31331-24",0.22600000000000001]
["002T58-31331-24",0.161]
["006TUC-T4180D20",0.48]
["01220",0.245]
["012E8F-31131-A1",0.49]
["012K8F-31130-29",0.26]
["012TU4-T4131A20",0.41]
["01380.35T",0.43]
["024E88-33131-A3",0.56000000000000005]
["024E8F-31131-29",0.31]
["024E8F-31131-A1",0.56999999999999995]
["024E8P-31131-29",0.31]
["024T88-33190-A3",0.56000000000000005]
["04-003-64",0.37]
["072EUF-T4101D20",0.51]
["10-1C-GROUND",0.15]
["10-2C-DB-BLK",0.42599999999999999]
["10-2C-EX+-WHT",0.38500000000000001]
["10-2C-KO+-TEA",0.37]
["10-2C-LE-DB",0.44]
["10-2C-TTP-WHT",0.316]
["10-2C-VNTC-BLK",0.43099999999999999]
["1057A",0.47199999999999998]
["10GX12-0031000",0.29499999999999998]
["10GX12-0101000",0.29499999999999998]
["10-THHN-SOL-BLK",0.15]
["10-THHN-SOL-GRN",0.15]
["10-THHN-STR-BLK",0.16500000000000001]
["10-THHN-STR-BLU",0.16500000000000001]
["10-THHN-STR-BRN",0.16500000000000001]
["10-THHN-STR-GRN",0.16500000000000001]
["10-THHN-STR-GRY",0.16500000000000001]
["10-THHN-STR-ORG",0.16500000000000001]
["10-THHN-STR-RED",0.16500000000000001]
["10-THHN-STR-VIO",0.16500000000000001]
["10-THHN-STR-WHT",0.16500000000000001]
["10-THHN-STR-YEL",0.16500000000000001]
["12-12C-VNTC-BLK",0.66500000000000004]
["12-1P-UC-BLK",0.38900000000000001]
["12-1P-UC-WHT",0.38900000000000001]
["12-1P-UC-WHT-500",0.38900000000000001]
["12-2C-BLK",0.28000000000000003]
["12-2C-BLK-500",0.28000000000000003]
["12-2C-DB-BLK",0.32200000000000001]
["12-2C-DB-BLK-500",0.32200000000000001]
["12-2C-EX+-TEA",0.32700000000000001]
["12-2C-EX+-WHT",0.32700000000000001]
["12-2C-FPLR-RED",0.24199999999999999]
["12-2C-GRY",0.28000000000000003]
["12-2C-HF-BLU",0.34]
["12-2C-LE-DB",0.39]
["12-2C-P-BLK",0.252]
["12-2C-P-BLK-500",0.252]
["12-2C-PSH-WHT",0.26400000000000001]
["12-2C-P-WHT",0.252]
["12-2C-P-WHT-500",0.252]
["12-2C-SH-GRY",0.27600000000000002]
["12-2C-TTP-BLU",0.27400000000000002]
["12-2C-TTP-WHT",0.27400000000000002]
["12-2C-TTP-WHT-500",0.27400000000000002]
["12-2C-VNTC-BLK",0.36099999999999999]
["12-2C-ZIP-CLR",0.19]
["12-2P-UC-WHT",0.47799999999999998]
["12-3C-P-WHT",0.26300000000000001]
["12-3C-P-WHT-500",0.26300000000000001]
["12-3C-SJOW",0.43]
["12-4C-BLK",0.32600000000000001]
["12-4C-BLK-500",0.32600000000000001]
["12-4C-DB-BLK",0.372]
["12-4C-EX+-TEA",0.39100000000000001]
["12-4C-EX+-WHT",0.39100000000000001]
["12-4C-EX-WHT",0.39100000000000001]
["12-4C-P-WHT",0.308]
["12-4C-VNTC-BLK",0.41499999999999998]
["124HBW",0.48]
["12-8C-STAGE",0.57999999999999996]
["12ACS50125OM3PE",0.35499999999999998]
["12ACS9125OS2PE",0.35499999999999998]
["12D50125MOM3P",0.11899999999999999]
["12D50125MOM3R",0.11899999999999999]
["12D50125MOM4P",0.11899999999999999]
["12D9125SMOS2P",0.11899999999999999]
["12IAD50125MOM3P",0.45700000000000002]
["12IAD9125SMOS2P",0.45700000000000002]
["12-THHN-STR-BLK",0.13500000000000001]
["12-THHN-STR-BLU",0.13500000000000001]
["12-THHN-STR-BRN",0.13500000000000001]
["12-THHN-STR-GRN",0.13500000000000001]
["12-THHN-STR-RED",0.13500000000000001]
["12-THHN-STR-WHT",0.13500000000000001]
["12-THHN-STR-YEL",0.13500000000000001]
["1300SB",0.26]
["1305A",0.29799999999999999]
["1314SB",0.29399999999999998]
["1316SB",0.34]
["13908",0.18]
["13911",0.219]
["14-10C-THHN-QP",0.45200000000000001]
["14-1P-UC-BLK",0.34699999999999998]
["14-1P-UC-WHT",0.34699999999999998]
["14-1P-UC-WHT-500",0.34699999999999998]
["14-2C-BLK",0.22800000000000001]
["14-2C-DB-BLK",0.28399999999999997]
["14-2C-DB-BLK-500",0.28399999999999997]
["14-2C-EX+-BLK",0.28699999999999998]
["14-2C-EX+-GRN",0.28699999999999998]
["14-2C-EX+-GRN-500",0.28699999999999998]
["14-2C-EX+-PNK",0.28699999999999998]
["14-2C-EX+-RBL",0.28699999999999998]
["14-2C-EX+-WHT",0.28699999999999998]
["14-2C-EX+-WHT-500",0.28699999999999998]
["14-2C-FPLP-RED",0.20399999999999999]
["14-2C-FPLPSH-RED",0.20399999999999999]
["14-2C-FPLR-BLK",0.2]
["14-2C-FPLR-RED",0.2]
["14-2C-GRY",0.22800000000000001]
["14-2C-HF-BLU",0.3]
["14-2C-HFSH-LBL",0.31]
["14-2C-HT",0.222]
["14-2C-KO+-BLK",0.26300000000000001]
["14-2C-KO+-WHT",0.26300000000000001]
["14-2C-KO+-WHT-500",0.26300000000000001]
["14-2C-KO+-WHT-5CS",0.26300000000000001]
["14-2C-KO+-WHT-BX",0.26300000000000001]
["14-2C-P-BLK",0.218]
["14-2C-P-BLK-500",0.218]
["14-2C-PLTC-GRY",0.27600000000000002]
["14-2C-PSH-WHT",0.216]
["14-2C-PSH-WHT-500",0.216]
["14-2C-P-VIO",0.218]
["14-2C-P-WHT",0.218]
["14-2C-P-WHT-500",0.218]
["14-2C-SH-GRY",0.223]
["14-2C-TF",0.224]
["14-2C-TTP-WHT",0.24]
["14-2C-TTP-WHT-500",0.24]
["14-2C-TTP-WHT-5CS",0.24]
["14-2C-VNTC-BLK",0.32300000000000001]
["14-2C-ZIP-CLR",0.17499999999999999]
["14-2P-UC-WHT",0.40799999999999997]
["14-4C-DB-BLK",0.315]
["14-4C-DB-BLK-500",0.315]
["14-4C-DB-BLK-5CS",0.315]
["14-4C-EX+-BLK",0.33100000000000002]
["14-4C-EX+-BLK-250",0.33100000000000002]
["14-4C-EX+-GRN",0.33100000000000002]
["14-4C-EX+-GRN-1000",0.33100000000000002]
["14-4C-EX+-PNK",0.33100000000000002]
["14-4C-EX+-RBL",0.33100000000000002]
["14-4C-EX+-WHT",0.33100000000000002]
["14-4C-FPLR-RED",0.247]
["14-4C-GRY",0.26700000000000002]
["14-4C-HF-BLU",0.35]
["14-4C-HFSH-BLU",0.35]
["14-4C-HFSH-BLU-500",0.35]
["14-4C-HT",0.26200000000000001]
["14-4C-HT-5CS",0.26200000000000001]
["14-4C-KO+-WHT",0.307]
["14-4C-KO+-WHT-1000",0.307]
["14-4C-KO+-WHT-5CS",0.307]
["14-4C-P-WHT",0.27]
["14-4C-P-WHT-500",0.27]
["14-4C-SJTOW-YEL",0.39500000000000002]
["14-4C-TF",0.29499999999999998]
["14-4C-VNTCSH-BLK",0.38]
["14-5C-THHN-QP",0.29899999999999999]
["14-6C-GLD",0.32]
["14-6C-THHN-QP",0.30499999999999999]
["14-THHN-BLK",0.112]
["14-THHN-GRN",0.112]
["14-THHN-PUR",0.112]
["14-THHN-RED",0.112]
["14-THHN-SOL-GN/YL",0.112]
["14-THHN-SOL-GRN",0.112]
["15755",0.15]
["15759",0.19500000000000001]
["15785",0.41]
["16-1P-UC-WHT",0.28299999999999997]
["16-2C-BLK",0.19]
["16-2C-BLK-500",0.19]
["16-2C-COM-GRY",0.21]
["16-2C-COM-WHT",0.21]
["16-2C-COM-WHT-BX",0.21]
["16-2C-DB-BLK",0.24]
["16-2C-EX+-BLK",0.255]
["16-2C-EX+-BLK-500",0.255]
["16-2C-EX+C-GRN",0.255]
["16-2C-EX+-GRN",0.255]
["16-2C-EX+-PNK",0.255]
["16-2C-EX+-PNK-500",0.255]
["16-2C-EX+-RBL",0.255]
["16-2C-EX+-RBL-500",0.255]
["16-2C-EX+-TEA",0.255]
["16-2C-EX+-WHT",0.255]
["16-2C-EX+-WHT-500",0.255]
["16-2C-FPLR-RED",0.17399999999999999]
["16-2C-GRY",0.19]
["16-2C-HT",0.191]
["16-2C-HT-BLK",0.191]
["16-2C-HT-BLK-5CS",0.191]
["16-2C-HT-WHT-5CS",0.191]
["16-2C-INTELECT",0.255]
["16-2C-KO+-LBL",0.23100000000000001]
["16-2C-KO+-LBL-BX",0.23100000000000001]
["16-2C-KO+-WHT",0.23100000000000001]
["16-2C-KO+-WHT-500",0.23100000000000001]
["16-2C-KO+-WHT-B500",0.23100000000000001]
["16-2C-KO+-WHT-BX",0.23100000000000001]
["16-2C-LVB-GRY",0.182]
["16-2C-LVBP-WHT",0.16800000000000001]
["16-2C-P-BLK",0.182]
["16-2C-P-BLK-250",0.182]
["16-2C-P-BLK-500",0.182]
["16-2C-PLTC",0.33]
["16-2C-PSH-BLK",0.17799999999999999]
["16-2C-PSH-WHT",0.17799999999999999]
["16-2C-PSH-WHT-500",0.17799999999999999]
["16-2C-P-VIO",0.182]
["16-2C-P-WHT",0.182]
["16-2C-P-WHT-250",0.182]
["16-2C-P-WHT-500",0.182]
["16-2C-SHBW-VNTC-TR",0.33]
["16-2C-SHEX-RBL",0.251]
["16-2C-SH-GRY",0.192]
["16-2C-TCHF-GRY",0.20899999999999999]
["16-2C-TF",0.185]
["16-2C-TTP-BLK",0.192]
["16-2C-TTP-BLK-500",0.192]
["16-2C-TTP-BLU",0.192]
["16-2C-TTP-ORG",0.192]
["16-2C-TTP-WHT",0.192]
["16-2C-TTP-WHT-500",0.192]
["16-2C-VAN",0.252]
["16-2C-ZIP-CLR",0.128]
["16-3C-SJ-BLK",0.33]
["16-3C-WL",0.24]
["16-4C-COM-GRY-BX",0.248]
["16-4C-COM-WHT",0.248]
["16-4C-COM-WHT-BX",0.248]
["16-4C-DB-BLK",0.27400000000000002]
["16-4C-DB-BLK-500",0.27400000000000002]
["16-4C-EX+-BLK",0.29099999999999998]
["16-4C-EX+-GRN",0.29099999999999998]
["16-4C-EX+-GRN-500",0.29099999999999998]
["16-4C-EX+-PNK",0.29099999999999998]
["16-4C-EX+-PNK-500",0.29099999999999998]
["16-4C-EX+-RBL",0.29099999999999998]
["16-4C-EX+-RBL-500",0.29099999999999998]
["16-4C-EX+-WHT",0.29099999999999998]
["16-4C-EX+-WHT-500",0.29099999999999998]
["16-4C-EX-RBL-500",0.29099999999999998]
["16-4C-FPLPSH-RED",0.19800000000000001]
["16-4C-FPLR-RED",0.187]
["16-4C-FPLRSH-RED",0.20799999999999999]
["16-4C-GRY",0.222]
["16-4C-HT",0.224]
["16-4C-HT-WHT-5CS",0.224]
["16-4C-INTELECT",0.29099999999999998]
["16-4C-KO+-BLK",0.26900000000000002]
["16-4C-KO+-BLK-500",0.26900000000000002]
["16-4C-KO+-GRN",0.26900000000000002]
["16-4C-KO+-GRY",0.26900000000000002]
["16-4C-KO+-LGN",0.26900000000000002]
["16-4C-KO+-LGN-500",0.26900000000000002]
["16-4C-KO+-LGN-BX",0.26900000000000002]
["16-4C-KO+-WHT",0.26900000000000002]
["16-4C-KO+-WHT-500",0.26900000000000002]
["16-4C-KO+-WHT-5CS",0.26900000000000002]
["16-4C-KO+-WHT-BX",0.26900000000000002]
["16-4C-PSH-WHT",0.20300000000000001]
["16-4C-P-WHT",0.20300000000000001]
["16-4C-P-WHT-500",0.20300000000000001]
["16-4C-SHEX-RBL",0.29499999999999998]
["16-4C-TF",0.23599999999999999]
["16-4C-TTP-BLK",0.217]
["16-4C-TTP-GRN",0.217]
["16-4C-TTP-GRY",0.217]
["16-4C-TTP-WHT",0.217]
["16-4C-TTP-WHT-500",0.217]
["1694A-0101000",0.27400000000000002]
["1694F-B591000",0.27600000000000002]
["16-TFFN-STR-BLK",0.1]
["16-TFFN-STR-GRY",0.1]
["16-TFFN-STR-ORG",0.1]
["16-TFFN-STR-RED",0.1]
["16-TFN-SOL-BLK",9.2999999999999999E-2]
["16-TFN-SOL-BRN",9.2999999999999999E-2]
["18/22-2C-HF-VIO",0.246]
["18/22AXLP",0.215]
["18/22CRT",0.246]
["18-12C-GRY",0.29099999999999998]
["18-12C-P-WHT",0.27800000000000002]
["18-16C-GRY",0.36]
["18-25C-CM-GRY",0.59799999999999998]
["18-2C-BGE-INT",0.16600000000000001]
["18-2C-BLK",0.16600000000000001]
["18-2C-EX-MC-GRN",0.2]
["18-2C-FPLP-RED",0.14199999999999999]
["18-2C-FPLP-RED-BX",0.14199999999999999]
["18-2C-FPLPSH-RED",0.14499999999999999]
["18-2C-FPLR-RED",0.14499999999999999]
["18-2C-FPLRSH-RED",0.14599999999999999]
["18-2C-GRY",0.16600000000000001]
["18-2C-GRY-500",0.16600000000000001]
["18-2C-GRY-BX",0.16600000000000001]
["18-2C-LVB-GRY",0.161]
["18-2C-LVBP-WHT",0.14699999999999999]
["18-2C-LVBP-WHT-500",0.14699999999999999]
["18-2C-P-B/W-VIO",0.154]
["18-2C-P-BLK",0.154]
["18-2C-P-BLK-500",0.154]
["18-2C-PLTC-GRY",0.22600000000000001]
["18-2C-PSH-BLK",0.154]
["18-2C-PSH-BLK-1.5K",0.154]
["18-2C-PSH-BLK-2K",0.154]
["18-2C-PSH-BLK-500",0.154]
["18-2C-PSH-RED",0.154]
["18-2C-PSH-WHT",0.154]
["18-2C-PSH-WHT-500",0.154]
["18-2C-P-WHT",0.154]
["18-2C-P-WHT-250",0.154]
["18-2C-P-WHT-3K",0.154]
["18-2C-P-WHT-500",0.154]
["18-2C-SH-GRN",0.16600000000000001]
["18-2C-SH-GRY",0.16600000000000001]
["18-2C-TFFN/TFWN-QP",0.17100000000000001]
["18-2C-TRSH-LBL",0.26]
["18-2C-ZIP-BLK",0.21]
["18-2P-INDSH-GRY",0.188]
["18-2P-OSH-GRY",0.25]
["18-2P-PINDSH-WHT",0.255]
["18-2P-SHEX-INTELECT",0.27]
["18-2P-SH-WL",0.30499999999999999]
["18-3C-BR-WHT",0.25]
["18-3C-GRY",0.184]
["18-3C-OC-GRY",0.17599999999999999]
["18-3C-OCP-WHT",0.161]
["18-3C-PSH-TAN",0.16600000000000001]
["18-3C-PSH-WHT",0.16600000000000001]
["18-3C-P-WHT",0.154]
["18-3C-P-WHT-500",0.154]
["18-3C-WHT",0.184]
["18-3C-WL",0.215]
["18-3P-INDSH-GRY",0.39500000000000002]
["18-3P-PINDSH-WHT",0.28100000000000003]
["18-4C-EX-MC-GRN",0.23400000000000001]
["18-4C-FPLP-RED",0.17499999999999999]
["18-4C-FPLPSH-RED",0.17499999999999999]
["18-4C-FPLR-RED",0.13500000000000001]
["18-4C-FPLRSH-RED",0.17499999999999999]
["18-4C-GRY",0.192]
["18-4C-GRY-500",0.192]
["18-4C-PSH-WHT",0.18]
["18-4C-P-SOL-WHT",0.156]
["18-4C-P-WHT",0.18]
["18-4C-P-WHT-500",0.18]
["18-4C-SH-GRY",0.215]
["18-4C-STR-FPLR-RED",0.192]
["18-4C-TRSH-LBL",0.314]
["18-4C-TTP-BLU",0.16700000000000001]
["1855A-0101000",0.16500000000000001]
["18-5C-SOL-PSH-WHT",0.186]
["18-5C-TTP-WHT-SC-BX",0.19]
["1865A",0.15]
["18-6C-FPLP-RED",0.2]
["18-6C-FPLR-RED",0.20499999999999999]
["18-6C-FPLR-RED-500",0.20499999999999999]
["18-6C-GRY",0.23]
["18-6C-PSH-WHT",0.218]
["18-6C-P-WHT",0.20799999999999999]
["18-6C-SH-GRY",0.23]
["18-6C-VNTCSH-BLK",0.55500000000000005]
["1872A",0.36499999999999999]
["1872-F6HA1000",0.36499999999999999]
["18-8C-GRY",0.22600000000000001]
["18-8C-PSH-WHT",0.23]
["18-8C-P-SOL-THERM",0.22700000000000001]
["18-8C-P-WHT",0.22700000000000001]
["18-8C-SH-GRY",0.22600000000000001]
["18-8C-SOL-THERM",0.20200000000000001]
["18-CMP-VID-BLK",0.23699999999999999]
["18-CMP-VID-BLK-500",0.23699999999999999]
["18-CMP-VID-BLU",0.23699999999999999]
["18-CMP-VID-BLU-250",0.23699999999999999]
["18-CMP-VID-COAX-BLK",0.23699999999999999]
["18-CMP-VID-COAX-BLU",0.23699999999999999]
["18-CMP-VID-COAX-GRN",0.23699999999999999]
["18-CMP-VID-COAX-RED",0.23699999999999999]
["18-CMP-VID-COAX-WHT",0.23699999999999999]
["18-CMP-VID-COAX-YEL",0.23699999999999999]
["18-CMP-VID-GRN",0.23699999999999999]
["18-CMP-VID-GRN-500",0.23699999999999999]
["18-CMP-VID-RED",0.23699999999999999]
["18-CMP-VID-WHT",0.23699999999999999]
["18-CMP-VID-YEL",0.23699999999999999]
["18-CMR-SD-BLK",0.27200000000000002]
["18-CMR-SD-BLK-500",0.27200000000000002]
["18-CMR-SD-BLU",0.27200000000000002]
["18-CMR-SD-GRN",0.27200000000000002]
["18-CMR-SD-ORG",0.27200000000000002]
["18-CMR-SD-RED",0.27200000000000002]
["18-CMR-SD-WHT",0.27200000000000002]
["18-CMR-SD-WHT-500",0.27200000000000002]
["18-CMR-SD-YEL",0.27200000000000002]
["18-CMR-SD-YEL-500",0.27200000000000002]
["18-TFFN-BLK",0.09]
["19-6P-PE89",0.56999999999999995]
["20-2C-GRY",0.21]
["20-2C-PSH-WHT",0.13400000000000001]
["20-2C-PSH-WHT-500",0.13400000000000001]
["20-2C-P-WHT",0.128]
["20-2C-SH-GRY",0.154]
["20-2C-SH-GRY-500",0.154]
["20-2C-TTPSH-GRN",0.158]
["20-2P-PINDSH-WHT",0.16]
["20-3C-GRY",0.16800000000000001]
["20-3C-PSH-GRN",0.14599999999999999]
["20-3C-PSH-WHT",0.14599999999999999]
["20-3C-PSH-WHT-500",0.14599999999999999]
["20-3C-P-WHT",0.14000000000000001]
["20-3C-SH-GRY",0.215]
["20-4C-PSH-WH/BL",0.155]
["20-4C-PSH-WHT",0.155]
["20-4C-P-WHT",0.14599999999999999]
["20-4C-SH-GRY",0.20699999999999999]
["20-5C-GRY",0.19500000000000001]
["2065V-WHT",0.20699999999999999]
["20-CMP-VID-BLK",0.20699999999999999]
["20-CMP-VID-BLK-1.5K",0.20699999999999999]
["20-CMP-VID-BLK-250",0.20699999999999999]
["20-CMP-VID-BLK-2K",0.20699999999999999]
["20-CMP-VID-BLK-500",0.20699999999999999]
["20-CMP-VID-BLU",0.20699999999999999]
["20-CMP-VID-COAX-BLK",0.20699999999999999]
["20-CMP-VID-COAX-BLU",0.20699999999999999]
["20-CMP-VID-COAX-GRN",0.20699999999999999]
["20-CMP-VID-COAX-RED",0.20699999999999999]
["20-CMP-VID-COAX-WHT",0.20699999999999999]
["20-CMP-VID-COAX-YEL",0.20699999999999999]
["20-CMP-VID-GRN",0.20699999999999999]
["20-CMP-VID-RED",0.20699999999999999]
["20-CMP-VID-WHT",0.20699999999999999]
["20-CMP-VID-WHT-500",0.20699999999999999]
["20-CMP-VID-YEL",0.20699999999999999]
["20-CMR-US-YEL",0.23599999999999999]
["20-CMR-VIDEO-BLK",0.23599999999999999]
["20-CMR-VIDEO-BLK-500",0.23599999999999999]
["20-CMR-VIDEO-BLU",0.23599999999999999]
["20-CMR-VIDEO-GRN",0.23599999999999999]
["20-CMR-VIDEO-ORG",0.23599999999999999]
["20-CMR-VIDEO-RED",0.23599999999999999]
["20-CMR-VIDEO-VIO",0.23599999999999999]
["20-CMR-VIDEO-WHT",0.23599999999999999]
["20-CMR-VIDEO-WHT-500",0.23599999999999999]
["20-CMR-VIDEO-YEL",0.23599999999999999]
["2133033",0.42]
["22-10C-GRY",0.192]
["22-10C-PSH-WHT",0.21199999999999999]
["22-10C-P-WHT",0.19800000000000001]
["22-10C-SH-GRY-BX",0.19500000000000001]
["22-12C-GRY",0.219]
["22-12C-PSH-WHT",0.21199999999999999]
["22-12C-P-WHT",0.21299999999999999]
["22-12C-SH-GRY",0.22]
["22-12P-P-SNAKE",0.40799999999999997]
["22-1C-HOOKUP-GRY",5.1999999999999998E-2]
["22-1P-CMP-EZ-BLK",0.13100000000000001]
["22-1P-CMP-EZ-BLK-250",0.13100000000000001]
["22-1P-CMP-EZ-BLK-500",0.13100000000000001]
["22-1P-CMP-EZ-BLU",0.13100000000000001]
["22-1P-CMP-EZ-BLU-250",0.13100000000000001]
["22-1P-CMP-EZ-BLU-500",0.13100000000000001]
["22-1P-CMP-EZ-GRN",0.13100000000000001]
["22-1P-CMP-EZ-GRN-250",0.13100000000000001]
["22-1P-CMP-EZ-GRN-500",0.13100000000000001]
["22-1P-CMP-EZ-VIO",0.13100000000000001]
["22-1P-CMP-EZ-VIO-250",0.13100000000000001]
["22-1P-CMP-EZ-VIO-500",0.13100000000000001]
["22-1P-CMP-EZ-WHT",0.13100000000000001]
["22-1P-CMP-EZ-WHT-250",0.13100000000000001]
["22-1P-CMP-EZ-WHT-500",0.13100000000000001]
["22-1P-EZ-BLK",0.14199999999999999]
["22-1P-EZ-BLK-2500",0.14199999999999999]
["22-1P-EZ-BLK-500",0.14199999999999999]
["22-1P-EZ-BLU",0.14199999999999999]
["22-1P-EZ-BRN",0.14199999999999999]
["22-1P-EZ-GRN",0.14199999999999999]
["22-1P-EZ-GRY",0.14199999999999999]
["22-1P-EZ-ORG",0.14199999999999999]
["22-1P-EZ-PUR",0.14199999999999999]
["22-1P-EZ-RED",0.14199999999999999]
["22-1P-EZ-WHT",0.14199999999999999]
["22-1P-EZ-YEL",0.14199999999999999]
["22-25P-STR-WL",0.56799999999999995]
["22-2C-EX-PUR",0.185]
["22-2C-EX-PUR-500",0.185]
["22-2C-GRY",0.13]
["22-2C-GRY-500",0.13]
["22-2C-GRY-BAG",0.13]
["22-2C-GRY-BX",0.13]
["22-2C-PSH-BLK",0.11799999999999999]
["22-2C-PSH-BLK-250",0.11799999999999999]
["22-2C-PSH-BLK-500",0.11799999999999999]
["22-2C-PSH-BLU",0.11799999999999999]
["22-2C-PSH-VIO",0.11799999999999999]
["22-2C-PSH-VIO-500",0.11799999999999999]
["22-2C-PSH-WHT",0.11799999999999999]
["22-2C-PSH-WHT-250",0.11799999999999999]
["22-2C-PSH-WHT-3K",0.11799999999999999]
["22-2C-PSH-WHT-500",0.11799999999999999]
["22-2C-PSH-YEL-RM",0.11799999999999999]
["22-2C-P-WHT",0.11799999999999999]
["22-2C-P-WHT-500",0.11799999999999999]
["22-2C-SH-GRY",0.13]
["22-2C-SH-GRY-500",0.13]
["22-2C-SH-WL",0.17399999999999999]
["22-2C-SO-HT",0.13700000000000001]
["22-2C-SOL-WHT-BAG",0.10100000000000001]
["22-2C-SOL-WHT-BX",0.10100000000000001]
["22-2C-ST-HT",0.11]
["22-2C-WHT",0.13]
["22-2C-WHT-BX",0.13]
["22-2C-WL",0.17599999999999999]
["22-2P-CMP-SIAMEZ",0.28499999999999998]
["22-2P-CMP-SIAMEZ-250",0.28499999999999998]
["22-2P-CMP-SIAMEZ-500",0.28499999999999998]
["22-2P-INDSH-GRY",0.20200000000000001]
["22-2P-INDSH-GRY-500",0.20200000000000001]
["22-2P-INDSH-HF-RED",0.25]
["22-2P-INDSH-HF-RED-R",0.25]
["22-2P-INDSH-WL",0.24099999999999999]
["22-2P-PINDSH-BK-1.5K",0.157]
["22-2P-PINDSH-BLK",0.157]
["22-2P-PINDSH-BLK-2K",0.157]
["22-2P-PINDSH-BLK-500",0.157]
["22-2P-PINDSH-BLK-5CS",0.157]
["22-2P-PINDSH-GRY",0.157]
["22-2P-PINDSH-WHT",0.157]
["22-2P-PINDSH-WHT-500",0.157]
["22-2P-PSH/UN-WHT",0.13700000000000001]
["22-2P-PSH/UN-WHT-500",0.13700000000000001]
["22-2P-SH/UN-BLU",0.17699999999999999]
["22-2P-SH/UN-BLU-WL",0.22700000000000001]
["22-2P-SH/UN-GRY-WL",0.22700000000000001]
["22-2P-SHEX-PNK",0.26]
["22-2P-SHEX-PUR",0.26]
["22-2P-SHEX-PUR-500",0.26]
["22-2P-SHEX-YEL",0.26]
["22-2P-SIAM-EZ",0.27500000000000002]
["22-2P-SIAM-EZ-250",0.27500000000000002]
["22-2P-SIAM-EZ-500",0.27500000000000002]
["22-2P-TC-INDSH-GRY",0.16400000000000001]
["22-3C-PSH-WHT",0.12]
["22-3C-P-WHT",0.11799999999999999]
["22-3C-SH-GRY",0.14000000000000001]
["22-3P-INDSH-GRY",0.216]
["22-3P-PE86",0.33]
["22-3P-PINDSH-WHT",0.186]
["22-3P-SH-GRY",0.20200000000000001]
["22-3P-SH-GRY-WL",0.254]
["22-4C-FPLP-RED-BX",0.13500000000000001]
["22-4C-FPLR-RED",0.125]
["22-4C-GRY",0.127]
["22-4C-GRY-500",0.127]
["22-4C-GRY-BAG",0.127]
["22-4C-GRY-BX",0.127]
["22-4C-PSH-BLK",0.13700000000000001]
["22-4C-PSH-BLK-500",0.13700000000000001]
["22-4C-PSH-WHT",0.13700000000000001]
["22-4C-PSH-WHT-250",0.13700000000000001]
["22-4C-PSH-WHT-500",0.13700000000000001]
["22-4C-PSH-WHT-BX",0.13700000000000001]
["22-4C-PSH-WHT-BX-G",0.13700000000000001]
["22-4C-P-WHT",0.13700000000000001]
["22-4C-P-WHT-BOX",0.13700000000000001]
["22-4C-SHEX-PNK",0.215]
["22-4C-SH-GRY",0.14899999999999999]
["22-4C-SO-HT",0.11700000000000001]
["22-4C-SOL-WHT-BX",0.11700000000000001]
["22-4C-ST-GHT",0.126]
["22-4C-ST-HT",0.126]
["22-4C-WHT",0.127]
["22-4C-WL",0.2]
["22-4P-INDSH-GRY",0.36399999999999999]
["22-4P-L5-DB",0.30099999999999999]
["22-4P-PINDSH-WHT",0.215]
["22-4P-PINDSH-WHT-500",0.215]
["22-4P-P-L7SH-BLU",0.32500000000000001]
["22-6C-GRY",0.187]
["22-6C-P-BLK",0.16300000000000001]
["22-6C-PSH-WHT",0.155]
["22-6C-PSH-WHT-500",0.155]
["22-6C-P-WHT",0.16300000000000001]
["22-6C-SHEX-WHT",0.215]
["22-6C-SH-GRY",0.184]
["22-6C-SH-GRY-500",0.184]
["22-6P-INDSH-GRY",0.34899999999999998]
["22-6P-PE38",0.87]
["22-6P-PE89",0.4]
["22-6P-PINDSH-WHT",0.26400000000000001]
["22-6P-PINDSH-WHT-500",0.26400000000000001]
["22-6P-P-SNAKE",0.3]
["2279V-BLK",0.23699999999999999]
["2279V-BLU",0.23699999999999999]
["2279V-WHT",0.23699999999999999]
["22-8C-GRY",0.191]
["22-8C-PSH-BLU",0.17899999999999999]
["22-8C-PSH-VIO",0.17899999999999999]
["22-8C-PSH-WHT",0.17899999999999999]
["22-8C-PSH-WHT-500",0.17899999999999999]
["22-8C-P-WHT",0.17899999999999999]
["22-8C-P-WHT-500",0.17899999999999999]
["22-8C-SH-GRY",0.191]
["22-8P-P-SNAKE",0.33200000000000002]
["23-MINI-CMP-BLK",0.159]
["23-MINI-CMP-BLK-500",0.159]
["23-MINI-CMP-WHT",0.159]
["23-MINI-SD-BLK",0.16500000000000001]
["23-MINI-SD-BLK-500",0.16500000000000001]
["23-MINI-SD-BLU",0.16500000000000001]
["23-MINI-SD-BLU-500",0.16500000000000001]
["23-MINI-SD-BRN",0.16500000000000001]
["23-MINI-SD-GRN",0.16500000000000001]
["23-MINI-SD-GRN-500",0.16500000000000001]
["23-MINI-SD-GRY",0.16500000000000001]
["23-MINI-SD-ORG",0.16500000000000001]
["23-MINI-SD-ORG-500",0.16500000000000001]
["23-MINI-SD-RED",0.16500000000000001]
["23-MINI-SD-RED-500",0.16500000000000001]
["23-MINI-SD-VIO",0.16500000000000001]
["23-MINI-SD-WHT",0.16500000000000001]
["23-MINI-SD-WHT-500",0.16500000000000001]
["23-MINI-SD-YEL",0.16500000000000001]
["23-MINI-SD-YEL-500",0.16500000000000001]
["23-YCLL-SIAM",0.32800000000000001]
["24-100P-L3-GRY",0.74]
["24-12P-L3-GRY",0.27]
["24-12P-PE89",0.46]
["24-12P-SNAKE-BLK",0.59499999999999997]
["24-15C-SH-GRY",0.27400000000000002]
["24-16P-SNAKE-BLK",0.66500000000000004]
["24-1P-CMP-EZ-WHT",0.14000000000000001]
["24-1P-CMP-EZ-WHT-500",0.14000000000000001]
["24-1P-CROSS-BW",6.8000000000000005E-2]
["24-1P-CROSS-OW",6.8000000000000005E-2]
["24-1P-DIG-AUD-BK",0.20300000000000001]
["24-1P-DIG-AUD-BLK500",0.20300000000000001]
["24-1P-DIG-AUDIO-BLK",0.20300000000000001]
["24-1P-EZ-BLK",0.115]
["24-1P-P-DIG-AUDIO",0.16500000000000001]
["24-1P-P-DIG-AUDIO500",0.16500000000000001]
["24-1P-P-DIG-AUDIO-R",0.16500000000000001]
["24-25C-SH-GRY",0.27400000000000002]
["24-25P-L3-GRY",0.38]
["24-25P-L3-GRY-WL",0.44500000000000001]
["24-25P-L5-DB",0.73]
["24-25P-L5-EN-DB",0.73]
["24-25P-L5-EN-GRY",0.52200000000000002]
["24-25P-PE39",0.57199999999999995]
["24-25P-PE89",0.53]
["24-25P-P-L3-WHT",0.35299999999999998]
["24-25P-SOL-CCE-WL",0.45800000000000002]
["24-2P-485-BLK",0.32600000000000001]
["24-2P-485-BLK-500",0.32600000000000001]
["24-2P-485-GRY",0.32600000000000001]
["24-2P-CROSS",7.1999999999999995E-2]
["24-2P-L3-GRY-BX",0.15]
["24-2P-P485-BLK",0.27700000000000002]
["24-2P-P485-WHT",0.27700000000000002]
["24-2P-P-L3-WHT-BX",0.13300000000000001]
["24-2P-PLCSH-WHT",0.159]
["24-2P-STAR-BLK",0.24]
["24-2P-STAR-BLK-500",0.24]
["24-4C-MIC-BLK",0.24]
["24-4C-SH-GRY",0.17499999999999999]
["24-4P-L5E-BLK",0.219]
["24-4P-L5E-GRN-BX",0.219]
["24-4P-L5-EN-ARMOR",0.4]
["24-4P-L5-EN-BLK",0.219]
["24-4P-L5-EN-BLK-BX",0.219]
["24-4P-L5-EN-BLU",0.219]
["24-4P-L5-EN-BLU-BX",0.219]
["24-4P-L5-EN-DB",0.24]
["24-4P-L5-EN-GRN",0.219]
["24-4P-L5-EN-GRN-BX",0.219]
["24-4P-L5-EN-GRY",0.219]
["24-4P-L5-EN-GRY-BX",0.219]
["24-4P-L5-EN-ORG",0.219]
["24-4P-L5-EN-ORG-BX",0.219]
["24-4P-L5-EN-PNK",0.219]
["24-4P-L5-EN-PNK-BX",0.219]
["24-4P-L5-EN-RED",0.219]
["24-4P-L5-EN-RED-BX",0.219]
["24-4P-L5-EN-VIO",0.219]
["24-4P-L5-EN-WHT",0.219]
["24-4P-L5-EN-WHT-BX",0.219]
["24-4P-L5-EN-WHT-RB",0.219]
["24-4P-L5-EN-YEL",0.219]
["24-4P-L5-EN-YEL-BX",0.219]
["24-4P-L5E-YEL",0.219]
["24-4P-L5-GRY-BX",0.219]
["24-4P-L5-HT-BLK",0.2]
["24-4P-L5-HT-BLU",0.2]
["24-4P-L5-HT-GRN",0.2]
["24-4P-L5-HT-GRY",0.2]
["24-4P-L5-HT-LBL",0.2]
["24-4P-L5-HT-ORG",0.2]
["24-4P-L5-HT-PNK",0.2]
["24-4P-L5-HT-PUR",0.2]
["24-4P-L5-HT-RED",0.2]
["24-4P-L5-HT-WHT",0.2]
["24-4P-L5-HT-YEL",0.2]
["24-4P-L5SH-BLU",0.25]
["24-4P-L5SH-EN-BLU",0.25]
["24-4P-L5SH-EN-BLU500",0.25]
["24-4P-L5SH-EN-BLU-RA",0.25]
["24-4P-L5SH-EN-DB",0.25]
["24-4P-L5SH-EN-GRN",0.25]
["24-4P-L5SH-EN-GRN-RA",0.25]
["24-4P-L5SH-EN-GRY",0.25]
["24-4P-L5SH-EN-PUR",0.25]
["24-4P-L5SH-EN-PUR-RA",0.25]
["24-4P-L5SH-EN-WHT",0.25]
["24-4P-L5SH-EN-WHT-RA",0.25]
["24-4P-L5SH-GRN",0.25]
["24-4P-L5SH-HT-BLK",0.23599999999999999]
["24-4P-L5SH-HT-BLU",0.23599999999999999]
["24-4P-L5SH-HT-BLU-RA",0.23599999999999999]
["24-4P-L5SH-HT-WHT",0.23599999999999999]
["24-4P-L6A-BLK",0.32700000000000001]
["24-4P-L6A-BLU",0.32700000000000001]
["24-4P-L6ASH-BLK",0.29599999999999999]
["24-4P-L6ASH-BLU",0.29599999999999999]
["24-4P-L6ASH-VIO",0.29599999999999999]
["24-4P-L6ASH-WHT",0.29599999999999999]
["24-4P-L6ASH-WHT-500",0.29599999999999999]
["24-4P-L6ASH-YEL",0.29599999999999999]
["24-4P-L6A-WHT",0.32700000000000001]
["24-4P-L6-EN-BLK",0.24]
["24-4P-L6-EN-BLK-250",0.24]
["24-4P-L6-EN-BLK-500",0.24]
["24-4P-L6-EN-BLK-BX",0.24]
["24-4P-L6-EN-BLU",0.24]
["24-4P-L6-EN-BLU-250",0.24]
["24-4P-L6-EN-BLU-500",0.24]
["24-4P-L6-EN-BLU-5CS",0.24]
["24-4P-L6-EN-BLU-BX",0.24]
["24-4P-L6-EN-DB",0.25]
["24-4P-L6-EN-DB-500",0.25]
["24-4P-L6-EN-GRN",0.24]
["24-4P-L6-EN-GRN-500",0.24]
["24-4P-L6-EN-GRN-BX",0.24]
["24-4P-L6-EN-GRY",0.24]
["24-4P-L6-EN-GRY-500",0.24]
["24-4P-L6-EN-GRY-BX",0.24]
["24-4P-L6-EN-ORG",0.24]
["24-4P-L6-EN-ORG-BX",0.24]
["24-4P-L6-EN-PNK",0.24]
["24-4P-L6-EN-RED-BX",0.24]
["24-4P-L6-EN-TEA",0.24]
["24-4P-L6-EN-VIO",0.24]
["24-4P-L6-EN-VIO-BX",0.24]
["24-4P-L6-EN-WHT",0.24]
["24-4P-L6-EN-WHT-250",0.24]
["24-4P-L6-EN-WHT-500",0.24]
["24-4P-L6-EN-WHT-5CS",0.24]
["24-4P-L6-EN-WHT-BX",0.24]
["24-4P-L6-EN-YEL",0.24]
["24-4P-L6-EN-YEL-500",0.24]
["24-4P-L6-EN-YEL-BX",0.24]
["24-4P-L6-HT-BLK",0.224]
["24-4P-L6-HT-BLU",0.224]
["24-4P-L6-HT-GRN",0.224]
["24-4P-L6-HT-GRY",0.224]
["24-4P-L6-HT-LBL",0.224]
["24-4P-L6-HT-WHT",0.224]
["24-4P-L6SH-BLK",0.27]
["24-4P-L6SH-BLU",0.27]
["24-4P-L6SH-DB-BLK",0.39]
["24-4P-L6SH-HF-BLU",0.28000000000000003]
["24-4P-L6SH-HT-BLK",0.29499999999999998]
["24-4P-L6SH-HT-BLK-RA",0.29499999999999998]
["24-4P-L6SH-HT-VIO",0.29499999999999998]
["24-4P-L6SH-HT-VIO-RA",0.29499999999999998]
["24-4P-L6SH-HT-WHT",0.29499999999999998]
["24-4P-L6SH-HT-WHT-RA",0.29499999999999998]
["24-4P-L6SH-RED",0.27]
["24-4P-L6SH-VIO",0.27]
["24-4P-L6SH-WHT",0.27]
["24-4P-L6SH-WHT-500",0.27]
["24-4P-L6SH-YEL",0.27]
["24-4P-L6SH-YEL-500",0.27]
["24-4P-L7SH-BLU",0.315]
["24-4P-L7SH-BLU-500",0.315]
["24-4P-MTP-BLU",0.27500000000000002]
["24-4P-MTP-VIO",0.27500000000000002]
["24-4P-MTP-WHT",0.27500000000000002]
["24-4P-P-L3-BLU-BX",0.155]
["24-4P-P-L3-WHT-BX",0.155]
["24-4P-P-L5E-BLU",0.19500000000000001]
["24-4P-P-L5-EN-BLK",0.19500000000000001]
["24-4P-P-L5-EN-BLK500",0.19500000000000001]
["24-4P-P-L5-EN-BLK-BX",0.19500000000000001]
["24-4P-P-L5-EN-BLK-RA",0.19500000000000001]
["24-4P-P-L5-EN-BLU",0.19500000000000001]
["24-4P-P-L5-EN-BLU250",0.19500000000000001]
["24-4P-P-L5-EN-BLU500",0.19500000000000001]
["24-4P-P-L5-EN-BLU-BX",0.19500000000000001]
["24-4P-P-L5-EN-BLU-RA",0.19500000000000001]
["24-4P-P-L5-EN-BRN",0.219]
["24-4P-P-L5-EN-GRN",0.19500000000000001]
["24-4P-P-L5-EN-GRN-BX",0.19500000000000001]
["24-4P-P-L5-EN-GRN-RA",0.19500000000000001]
["24-4P-P-L5-EN-GRY",0.19500000000000001]
["24-4P-P-L5-EN-GRY-BX",0.19500000000000001]
["24-4P-P-L5-EN-GRY-RA",0.19500000000000001]
["24-4P-P-L5-EN-ORG",0.19500000000000001]
["24-4P-P-L5-EN-ORG-BX",0.19500000000000001]
["24-4P-P-L5-EN-ORG-RA",0.19500000000000001]
["24-4P-P-L5-EN-RED",0.19500000000000001]
["24-4P-P-L5-EN-VIO",0.19500000000000001]
["24-4P-P-L5-EN-VIO-BX",0.19500000000000001]
["24-4P-P-L5-EN-VIO-RA",0.19500000000000001]
["24-4P-P-L5-EN-W500",0.19500000000000001]
["24-4P-P-L5-EN-WHT",0.19500000000000001]
["24-4P-P-L5-EN-WHT-BX",0.19500000000000001]
["24-4P-P-L5-EN-WHT-RA",0.19500000000000001]
["24-4P-P-L5-EN-YEL",0.19500000000000001]
["24-4P-P-L5-EN-YEL-BX",0.19500000000000001]
["24-4P-P-L5-EN-YEL-RA",0.19500000000000001]
["24-4P-P-L5E-YEL-RB-R",0.19500000000000001]
["24-4P-P-L5-GRY",0.19500000000000001]
["24-4P-P-L5SH-BLK",0.22500000000000001]
["24-4P-P-L5SH-BLK-500",0.22500000000000001]
["24-4P-P-L5SH-GRN",0.22500000000000001]
["24-4P-P-L5SH-GRN-250",0.22500000000000001]
["24-4P-P-L5SH-GRN-500",0.22500000000000001]
["24-4P-P-L5SH-ORG",0.22500000000000001]
["24-4P-P-L5SH-RED",0.22500000000000001]
["24-4P-P-L5SH-WHT",0.22500000000000001]
["24-4P-P-L5SH-WHT-250",0.22500000000000001]
["24-4P-P-L5SH-WHT-500",0.22500000000000001]
["24-4P-P-L5SH-YEL",0.22500000000000001]
["24-4P-P-L5SH-YEL-500",0.22500000000000001]
["24-4P-P-L6ASH-BLK",0.28999999999999998]
["24-4P-P-L6ASH-BLK500",0.28999999999999998]
["24-4P-P-L6ASH-BLK-RA",0.28999999999999998]
["24-4P-P-L6ASH-BLU",0.28999999999999998]
["24-4P-P-L6ASH-VIO",0.28999999999999998]
["24-4P-P-L6ASH-WHT",0.28999999999999998]
["24-4P-P-L6ASH-WHT-RA",0.28999999999999998]
["24-4P-P-L6ASH-YEL",0.28999999999999998]
["24-4P-P-L6ASH-YEL-RA",0.28999999999999998]
["24-4P-P-L6A-WHT",0.31900000000000001]
["24-4P-P-L6-EN-BLK",0.22]
["24-4P-P-L6-EN-BLK500",0.22]
["24-4P-P-L6-EN-BLK-BX",0.22]
["24-4P-P-L6-EN-BLK-RA",0.22]
["24-4P-P-L6-EN-BLKSCS",0.22]
["24-4P-P-L6-EN-BLU",0.22]
["24-4P-P-L6-EN-BLU500",0.22]
["24-4P-P-L6-EN-BLU-BX",0.22]
["24-4P-P-L6-EN-BLU-RA",0.22]
["24-4P-P-L6-EN-BLUSCS",0.22]
["24-4P-P-L6-EN-GRN",0.22]
["24-4P-P-L6-EN-GRN-BX",0.22]
["24-4P-P-L6-EN-GRN-RA",0.22]
["24-4P-P-L6-EN-GRY",0.22]
["24-4P-P-L6-EN-GRY-BX",0.22]
["24-4P-P-L6-EN-GRY-RA",0.22]
["24-4P-P-L6-EN-ORG",0.22]
["24-4P-P-L6-EN-RED-BX",0.22]
["24-4P-P-L6-EN-RED-RA",0.22]
["24-4P-P-L6-EN-VIO",0.22]
["24-4P-P-L6-EN-WHT",0.22]
["24-4P-P-L6-EN-WHT-BX",0.22]
["24-4P-P-L6-EN-WHT-RA",0.22]
["24-4P-P-L6-EN-YEL",0.22]
["24-4P-P-L6-EN-YEL500",0.22]
["24-4P-P-L6-EN-YEL-BX",0.22]
["24-4P-P-L6-EN-YEL-RA",0.22]
["24-4P-P-L6SH-BLK",0.28999999999999998]
["24-4P-P-L6SH-BLK-500",0.28999999999999998]
["24-4P-P-L6SH-WHT",0.28999999999999998]
["24-4P-P-L6SH-WHT-100",0.28999999999999998]
["24-4P-P-L6SH-WHT-250",0.28999999999999998]
["24-4P-P-L6SH-WHT-500",0.28999999999999998]
["24-4P-P-L6SH-YEL",0.28999999999999998]
["24-4P-P-L7SH-BLU",0.33500000000000002]
["24-4P-P-L7SH-BLU-500",0.33500000000000002]
["24-4P-PLCSH-WHT",0.21]
["24-4P-SH-LIBII",0.24]
["24-4P-SNAKE-BLK",0.38500000000000001]
["24-4P-STR-L5E-BLK-RN",0.19700000000000001]
["24-4P-STR-L5-EN-BLK",0.19700000000000001]
["24-4P-STR-L5-EN-BLU",0.19700000000000001]
["24-4P-STR-L5-EN-GRN",0.19700000000000001]
["24-4P-STR-L5-EN-GRY",0.19700000000000001]
["24-4P-STR-L5-EN-ORG",0.19700000000000001]
["24-4P-STR-L5SH-RED",0.25]
["24-4P-STR-L6-BLK",0.25]
["24-4P-STR-L6SH-GRY",0.23599999999999999]
["24-50P-L3-GRY",0.48399999999999999]
["24-6P-P-L3-GRY-BX",0.21]
["24-6P-SNAKE-BLK",0.45]
["24-7.5P-LCSH-GRY",0.32600000000000001]
["24-8P-DIG-AUD-SNAKE",0.71499999999999997]
["24-8P-L5E-SIAM-BLU",0.41]
["24-8P-L5E-SIAM-BLU-R",0.41]
["24-8P-L5E-SIAM-GRN",0.41]
["24-8P-L5E-SIAM-GRN-R",0.41]
["24-8P-L6-SIAM-BLU",0.47799999999999998]
["24-8P-L6-SIAM-BLU-RA",0.47799999999999998]
["24-MINI-COAX-YEL",0.14499999999999999]
["25221B",0.11600000000000001]
["25224B",0.154]
["25225B",0.17599999999999999]
["25226B",0.223]
["25227B",0.26300000000000001]
["25241B",0.13600000000000001]
["25244B",0.18]
["25290B",0.11600000000000001]
["25291B",0.11600000000000001]
["25293B",0.156]
["254246AF",0.30499999999999999]
["254246F",0.28499999999999998]
["25-CMR-BLK",0.152]
["2A-1602",0.33]
["2ACS50125OM3PE",0.35499999999999998]
["2ACS9125OS2PE",0.35499999999999998]
["2B50125OM3R",0.28399999999999997]
["2C6250125OM3R",0.55200000000000005]
["2D50125MOM3P",0.114]
["2D50125MOM3R",0.114]
["300-745GY",0.16700000000000001]
["3016A",0.33200000000000002]
["4245OSP",0.255]
["4246AF",0.30299999999999999]
["4246OSP",0.255]
["44-754-4BK",0.19700000000000001]
["47400298963",0.20499999999999999]
["4B50125OM3P",0.25600000000000001]
["4B50125OM3R",0.28399999999999997]
["4B50125OM4P",0.28399999999999997]
["4B50125OM4R",0.28399999999999997]
["4D50125MOM3P",0.114]
["4D50125MOM3R",0.114]
["4D9125SMOS2P",0.114]
["5200",0.2]
["5240F1",0.254]
["5409UE",0.252]
["5441FE",0.218]
["5445FE",0.29299999999999998]
["5500",0.215]
["5500F1",0.19600000000000001]
["5501FE",0.13300000000000001]
["5506",0.215]
["5584G1",0.28299999999999997]
["61801EZ",0.13800000000000001]
["61801EZSB",0.14000000000000001]
["61801HS",0.13400000000000001]
["6443FE",0.26900000000000002]
["6541PA",0.214]
["6545PA",0.3]
["6600-0",0.17299999999999999]
["6600HS",0.17799999999999999]
["6600SB",0.18]
["6604HS",0.28499999999999998]
["6606HS",0.34499999999999997]
["6608HS",0.38500000000000001]
["6612HS",0.47499999999999998]
["6ACS50125OM3PE",0.35499999999999998]
["6ACS9125OS2PE",0.35499999999999998]
["6D50125MOM2P",0.114]
["6D50125MOM3P",0.114]
["6D50125MOM3R",0.114]
["6D50125MOM4P",0.114]
["6D9125SMOS2P",0.114]
["6IAD50125MOM3P",0.45700000000000002]
["6IAD9125SMOS2P",0.45700000000000002]
["6T00UP",0.308]
["6T00UP-0091000",0.30199999999999999]
["6-THHN-STR-BLK",0.25600000000000001]
["7133842",0.22]
["72401EZ-0",0.13800000000000001]
["72401EZ-5",0.13800000000000001]
["7526551",0.41]
["760178129",0.33]
["7808R",0.24]
["7922A",0.30099999999999999]
["8267",0.28499999999999998]
["8-2C-LE-DB",0]
["8755704",0.27700000000000002]
["8FRIOMSM-BO",0.46]
["8-THHN-STR-BLK",0.22]
["8-THHN-STR-GRN",0.22]
["8-THHN-STR-WHT",0.22]
["9020126",0.28399999999999997]
["9020127",0.26600000000000001]
["9180",0]
["92003-06-01",0.26900000000000002]
["92003-46-01",0.26900000000000002]
["92003-46-08",0.26900000000000002]
["92008-06-08",0.26900000000000002]
["92041-06-01",0.3]
["92041-06-08",0.3]
["920414-06-01",0.29499999999999998]
["920414-06-08",0.29499999999999998]
["920414-46-01",0.29499999999999998]
["92041-46-01",0.3]
["92041-46-08",0.3]
["92094-06-01",0.34]
["921019-06-01",0.26800000000000002]
["9451-010",0.13500000000000001]
["9451SB",0.16]
["973950623",0]
["992165",0]
["AQ227",0.34]
["AQ244",0.32700000000000001]
["AQ296",0.375]
["AQC224",0.218]
["AQC225",0.24199999999999999]
["AQC226",0.29399999999999998]
["AQC291",0.20499999999999999]
["AQC292",0.22]
["AQC293",0.23499999999999999]
["AQC294",0.32800000000000001]
["AQC3186",0.32300000000000001]
["AQC430",0.38]
["AQC806",0.18]
["AQC819",0]
["AQC841",0.18]
["AUDIOCAT+",0.39400000000000002]
["AUDIOCAT-14",0.41499999999999998]
["AUDIOCAT-HT",0.39400000000000002]
["AUDIOCAT-SIAMESE",0.504]
["AVB2212ASC",0.70499999999999996]
["AVBRF400LSZH",0]
["AVBRF600LSZH",0]
["AVC-10-PLN",0.373]
["AVC-13-PLN",0.40500000000000003]
["AVC-14-PLN",0.4]
["AVC-18-PLN",0.41499999999999998]
["AX001NALT9QR",0.114]
["AX001NWLS9OR",0.114]
["AX001SALS9OP",0.114]
["AX001SALT9QP",0.114]
["AX001SWLS9OP",0.114]
["AX002NALS9OR",0.23]
["AX002NALT9QR",0.23]
["AX002NSLA9YR",0.23]
["AX002SALT9QP",0.23]
["AX002SSLA9YP",0.23]
["AXLINK",0.246]
["AXLINK-500",0.246]
["AXLINK-P",0.215]
["AXLINK-P-1.5K",0.215]
["AXLINK-P-250",0.215]
["AXLINK-P-2K",0.215]
["AXLINK-P-500",0.215]
["BX002CSLA9KB",0.31900000000000001]
["BX002DALS9KR",0.31900000000000001]
["BX002DALT9KR",0.31900000000000001]
["BX002DALT9QR",0.31900000000000001]
["BX002DSLX9KR",0.31900000000000001]
["BX002DWLS9KR",0.31900000000000001]
["BX002KALS9OP",0.31900000000000001]
["BX002KSLX9YP",0.31900000000000001]
["BX004DALS9KR",0.26800000000000002]
["BX004DALT9QR",0.26800000000000002]
["BX004DSLX9KR",0.26800000000000002]
["BX004DWLS9KR",0.26800000000000002]
["BX004KALT9QP",0.26800000000000002]
["BX004KWLS9OP",0.25600000000000001]
["BX006DALS9KR",0.38]
["BX006DALT9QR",0.38]
["BX006DSLX9KR",0.38]
["BX006DWLS9KR",0.38]
["BX006KALT9QP",0.29099999999999998]
["BX012DALT9QR",0.55000000000000004]
["BX012DSLX9KR",0.55000000000000004]
["BX012DWLS9KR",0.55000000000000004]
["BX012KSLX9YP",0.55000000000000004]
["BX024DSLX9KR",0.69]
["C-006HBAD5KB",0.307]
["C-008HBAA5KM",0.36]
["C-008HBAA5KR",0.36]
["C3528",0]
["C5785",0.29199999999999998]
["C5889",0.29199999999999998]
["C6CMXSM-1919",0]
["CAT5E-4C-J",0.59]
["CAT5E-5C-J",0.65]
["CAT5E-DB-1000",0.24]
["CAT5E-DB-3K",0.24]
["CAT5E-DB-500",0.24]
["CAT5E-GRY-INT",0.219]
["CAT5E-ORG",0.219]
["CAT5E-PSH-BLK",0.22500000000000001]
["CAT5E-PSH-GRN",0.22500000000000001]
["CAT5E-PSH-GRN-500",0.22500000000000001]
["CAT5E-PSH-WHT",0.22500000000000001]
["CAT5E-PSH-YEL",0.22500000000000001]
["CAT5E-P-WHT-BX",0.19500000000000001]
["CAT5E-P-WHT-RB",0.19500000000000001]
["CAT5E-RED-BX-INT",0.219]
["CAT5E-SH-PUR",0.219]
["CAT5E-STR-BLU",0.19700000000000001]
["CAT5E-STR-HF-PNK",0.19700000000000001]
["CAT5E-WHT-RB-INT",0.219]
["CAT6A-SH-WHT",0.29599999999999999]
["CAT6-PSH-WHT",0.28999999999999998]
["CAT6-PSH-WHT-250",0.28999999999999998]
["CAT6-PSH-YEL",0.28999999999999998]
["CAT6-SH-BLK",0.27]
["CAT6-SH-VIO",0.27]
["CAT6-SH-YEL",0.27]
["CEBUS+-2N2",0.67700000000000005]
["CEBUS-1N1",0.51200000000000001]
["CEBUS-2N2",0.70099999999999996]
["CEBUS-2N2-J-LBL",0.66900000000000004]
["CEBUS-2N2-J-LBL",0.70099999999999996]
["CEBUS-CM-1N1-SIAM",0.51200000000000001]
["CEBUS-CM-F-J",0.66900000000000004]
["CEBUS-CM-F-J",0.70099999999999996]
["CEBUS-F",0.70099999999999996]
["CEBUS-HD",0.68100000000000005]
["CEBUS-HT",0.65]
["CG0124M1F-DWB",0.48]
["CM-00424LAN-7-06",0.23]
["CT504HD",0.26]
["CT504HDX",0.245]
["CTS2504HDX",0.245]
["CTS4504HDX",0.65]
["CX005HBAE9KP",0.20899999999999999]
["CX005HBAE9KR",0.28799999999999998]
["CX008HBAA9KB",0.36299999999999999]
["CX008HBAA9KP",0.27200000000000002]
["CX021HBAB9GR",0.55200000000000005]
["CX021HBAB9KA",0.51200000000000001]
["CX021HBAB9YP",0.44900000000000001]
["D-006CAST5KM",0.33]
["D-012-LN-8W-F06NS",0.4]
["D25454",0.13]
["D29125SMOSP",0.114]
["D50125MOM2P",0.114]
["D50125MOM2R",0.114]
["D50125MOM3P",0.114]
["D50125MOM3R",0.114]
["D50125MOM4P",0.114]
["D61801EZGF",0.28999999999999998]
["DLC122",0.245]
["DLC224",0.27]
["DS401-0",0.18]
["DS401-7",0.18]
["DS401M",0.23499999999999999]
["DS401M-6-NP",0.23499999999999999]
["DS401TS",0.17]
["DS408",0.81499999999999995]
["DS412",0.995]
["DS601",0.14299999999999999]
["DS601M-6-NP",0.19900000000000001]
["DS604",0.435]
["DS608",0.56000000000000005]
["DT61812-0",0.505]
["DX002DALS9KR",0.19]
["DX002DALT9QR",0.19]
["DX002DSLA9YR",0.19]
["DX002DSLX9KR",0.19]
["DX002DWLS9KR",0.19]
["DX002SALE9QP",0.15]
["DX002SALS9GP",0.15]
["DX002SALS9OP",0.15]
["DX002SALS9RP",0.15]
["DX002SALS9YP",0.15]
["DX002SALT9QP",0.15]
["DX002SWLS9OP",0.19]
["DX004CSLA9KB",0.217]
["DX004DALE9QR",0.2]
["DX004DALS9KR",0.2]
["DX004DALS9ORI2",0.52]
["DX004DALT9KAA2",0.45]
["DX004DALT9QR",0.2]
["DX004DSLX9KR",0.2]
["DX004DWLS9KR",0.2]
["DX004KALT9QP",0.19]
["DX004KWLS9OPI6",0.52]
["DX004SALE9QP",0.18]
["DX004SALS9OP",0.18]
["DX004SALT9QP",0.18]
["DX004SSLX9YP",0.18]
["DX004SWLS9OP",0.18]
["DX006CSLA9KB",0.217]
["DX006DALE9QR",0.22]
["DX006DALS9KAA2",0.43]
["DX006DALS9KR",0.224]
["DX006DALT9KAA2",0.45]
["DX006DALT9KR",0.22]
["DX006DALT9QR",0.224]
["DX006DSLX9KAA2",0.43]
["DX006DSLX9KR",0.22]
["DX006DSLX9YRI2",0.52]
["DX006DWLS9KAA2",0.45]
["DX006DWLS9KR",0.378]
["DX006DWLS9ORI2",0.54]
["DX006KALE9QP",0.19]
["DX006KALS9OP",0.19]
["DX006KALT9QP",0.19]
["DX006KSLX9YP",0.19]
["DX006KWLS9KPI6",0.52]
["DX006KWLS9OP",0.19]
["DX006KWLS9OPI6",0.52]
["DX006SALT9QP",0.19]
["DX006SALT9QPI7",0.19]
["DX008DALS9KR",0.23]
["DX008DALT9KAA2",0.45]
["DX008DWLS9KR",0.23]
["DX012CSLA9KB",0.3]
["DX012DALS9KR",0.25600000000000001]
["DX012DALS9OR",0.26]
["DX012DALT9KAA2",0.53]
["DX012DALT9QR",0.25600000000000001]
["DX012DSLX9KAA2",0.53]
["DX012DSLX9KR",0.19]
["DX012DSLX9YRI2",0.59]
["DX012DWLS9KAA2",0.53]
["DX012DWLS9KR",0.25600000000000001]
["DX012KALT9QP",0.24399999999999999]
["DX012SALS9OP",0.24]
["DX012SALT9QP",0.24399999999999999]
["DX018DWLS9KR",0.28999999999999998]
["DX024DALE9QR",0.35]
["DX024DSLX9KAA2",0.66]
["DX024DSLX9KR",0.35]
["DX024DWLS9KR",0.35]
["DX024KALT9QP",0.31]
["DX036DALT9KAA2",0.55000000000000004]
["DX048DSLX9KR",0.39400000000000002]
["DX072DSLX9KR",0.55000000000000004]
["DZ004SALT9QP",0.17399999999999999]
["DZ006SALT9QP",0.17399999999999999]
["DZ012SALT9QP",0.245]
["E1032S",0.154]
["ELAN-CM-VIA",0.49199999999999999]
["F-04P24BPD-5ES",0.36]
["FSB02T",0.26]
["FSB06T",0.34]
["FSB12T",0.48]
["FSD02R",0.18]
["GA61802GFC",0.36]
["GA61804GFC",0.4]
["GA61806GFC",0.47499999999999998]
["GA61806PEF",0.47499999999999998]
["GA61808GFC",0.47499999999999998]
["GA61812GFC",0.63500000000000001]
["GA61816GFC",0.71]
["GA61820GFC",0.8]
["GA61826GFC",0.84]
["GA61832GFC",0.93500000000000005]
["GA72402GFC",0.32]
["GA72404GFC",0.40500000000000003]
["GA72406GFC",0.46]
["GA72408GFC",0.5]
["GA72412GFC",0.59499999999999997]
["GA72416GFC",0.66400000000000003]
["GA72426GFC",0.83]
["GA72432GFC",0.89]
["GC01103",0.65500000000000003]
["GCCC2430A",0]
["GSC132",0.35]
["GSC134",0.42]
["GSC138",0.57999999999999996]
["HBS122T",0.39100000000000001]
["HBS181",0.27500000000000002]
["HBS182",0.21099999999999999]
["HBS182T",0.27700000000000002]
["HBS186",3.02]
["HBS202",0.22]
["HBS222",0.20200000000000001]
["HBSP222",0.35499999999999998]
["HBU122T",0.36899999999999999]
["HBU142T",0.32400000000000001]
["HBU144T",0.38]
["HBU162T",0.29899999999999999]
["HBU182",0.21099999999999999]
["HBU182T",0.27700000000000002]
["HBU184T",0.32300000000000001]
["HDC120P",0.47244000000000003]
["HDC3R",0.59999880000000005]
["HDC720HD",0.307]
["HDC920",0.36220399999999997]
["HDC920HD",0.36299999999999999]
["HDC920P",0.36299999999999999]
["HDC920PEF",0.36299999999999999]
["HDC920R",0.36220399999999997]
["HDMCBL",0.27600000000000002]
["HQ841",0.29499999999999998]
["IF-SD-BLK-100M",0.23599999999999999]
["IF-SD-BLU-100M",0.23599999999999999]
["IF-SD-CLR-100M",0.23599999999999999]
["IF-SD-RED-100M",0.23599999999999999]
["IF-SD-YEL-100M",0.23599999999999999]
["INTERFLEX-SD-BLK",0.23599999999999999]
["INTERFLEX-SD-BLK-500",0.23599999999999999]
["INTERFLEX-SD-BLU",0.23599999999999999]
["INTERFLEX-SD-BLU-500",0.23599999999999999]
["INTERFLEX-SD-CLR",0.23599999999999999]
["INTERFLEX-SD-CLR-500",0.23599999999999999]
["INTERFLEX-SD-GRN",0.23599999999999999]
["INTERFLEX-SD-GRN-5",0.23599999999999999]
["INTERFLEX-SD-ORG",0.23599999999999999]
["INTERFLEX-SD-RED",0.23599999999999999]
["INTERFLEX-SD-RED-500",0.23599999999999999]
["INTERFLEX-SD-WHT",0.23599999999999999]
["INTERFLEX-SD-WHT-500",0.23599999999999999]
["INTERFLEX-SD-YEL",0.23599999999999999]
["INTERFLEX-SD-YEL-500",0.23599999999999999]
["INTERFLEX-SIAM",0.47499999999999998]
["LITE-TOUCH-MODULE",0.22]
["LITE-TOUCH-SW",0.29499999999999998]
["LITE-TOUCH-SW-500",0.29499999999999998]
["LLINX",0.20499999999999999]
["LLINX-CR",0.504]
["LLINX-CR-HF",0.53200000000000003]
["LLINX-D",0.504]
["LLINX-DC",0.246]
["LLINX-D-HP",0.315]
["LLINX-DM",0.61299999999999999]
["LLINX-HD",0.24399999999999999]
["LLINX-P-HD",0.25]
["LLINX-Q",0.64200000000000002]
["LLINX-QM-P",0.4]
["LLINX-U",0.246]
["LLINX-U-500",0.246]
["LLINX-U-DB",0.27500000000000002]
["LLINX-U-DB-500",0.27500000000000002]
["LLINX-U-HF",0.246]
["LLINX-U-HP",0.315]
["LLINX-U-HP-500",0.315]
["LLINX-U-HPP",0.29399999999999998]
["LLINX-U-P",0.21099999999999999]
["LLINX-U-P-500",0.21099999999999999]
["LMR-240",0.24]
["LMR-400",0.40500000000000003]
["LMR-400DB",0.40500000000000003]
["LMR-600",0.59]
["LMR-600DB",0.59]
["LMR-600-LLPL",0.59]
["LSK04",0.26]
["LUTRON-EBC",0.28299999999999997]
["LUTRON-EBC-500",0.28299999999999997]
["LUTRON-ESC",0.29299999999999998]
["LUTRON-ESC-500",0.29299999999999998]
["LUTRON-GRN",0.22800000000000001]
["LUTRON-GRN-500",0.22800000000000001]
["LUTRON-ORG",0.185]
["LUTRON-P-EBC",0.158]
["LUTRON-P-EBC-500",0.158]
["LUTRON-P-ESC",0.13400000000000001]
["LUTRON-P-ESC-500",0.13400000000000001]
["LUTRON-P-GRN",0.187]
["LUTRON-P-GRN-500",0.187]
["LUTRON-PNK",0.21299999999999999]
["LUTRON-P-QSC",0.20599999999999999]
["LUTRON-P-RBL",0.27200000000000002]
["LUTRON-P-RBL-500",0.27200000000000002]
["LUTRON-P-RED",0.32200000000000001]
["LUTRON-P-RED-500",0.32200000000000001]
["LUTRON-P-YEL",0.187]
["LUTRON-QSC",0.24]
["LUTRON-QSC-WHT",0.24]
["LUTRON-RBL",0.29899999999999999]
["LUTRON-RBL-500",0.29899999999999999]
["LUTRON-RED",0.34100000000000003]
["LUTRON-RED-500",0.34100000000000003]
["LUTRON-WHT",0.24]
["LUTRON-YEL",0.22800000000000001]
["LUTRON-YEL-500",0.22800000000000001]
["LVT61811-0",0.51500000000000001]
["LVT61859-0",0.36]
["LVT61859S-0",0.36]
["M1042",0.255]
["M1042-500",0.255]
["M58651",0]
["MP1022-0",0.19400000000000001]
["MP1022-6",0.19400000000000001]
["MP1201-0",0.24]
["MP1201-6",0.24]
["OC-0002385",0.46]
["PA2.99",0.64500000000000002]
["Q821F",0.40500000000000003]
["QUADFLEX-BC-BLK",0.28699999999999998]
["QUADFLEX-BC-BLK-500",0.28699999999999998]
["QUADFLEX-BC-BLK-B500",0.28699999999999998]
["QUADFLEX-BC-GRY",0.28699999999999998]
["QUADFLEX-BC-WHT",0.28699999999999998]
["QUADFLEX-BC-WHT-500",0.28699999999999998]
["QUADFLEX-BC-WHT-B500",0.28699999999999998]
["QUADFLEX-BLK",0.28699999999999998]
["QUADFLEX-BLK-500",0.28699999999999998]
["QUADFLEX-BLK-BX",0.28699999999999998]
["QUADFLEX-BLU",0.28699999999999998]
["QUADFLEX-RED",0.28699999999999998]
["QUADFLEX-US-BC-BLK",0.30499999999999999]
["QUADFLEX-US-BC-WHT",0.30499999999999999]
["QUADFLEX-US-BLK",0.3]
["QUADFLEX-US-WHT",0.3]
["QUADFLEX-WHT",0.28699999999999998]
["QUADFLEX-WHT-500",0.28699999999999998]
["QUADFLEX-WHT-BX",0.28699999999999998]
["QUADFLEX-YEL",0.28699999999999998]
["R2W BLUE",0.14899999999999999]
["R2W BROWN",0.14899999999999999]
["R2W GRAY",0.14899999999999999]
["R2W GREEN",0.14899999999999999]
["R2W ORANGE",0.14899999999999999]
["R2W YELLOW",0.14899999999999999]
["R50031-1",0.223]
["R800-2022-2",0]
["RG11-BC-CATV-DB",0.40500000000000003]
["RG11-CATV-BLK",0.40500000000000003]
["RG11-CATV-BLK-500",0.40500000000000003]
["RG11-CATV-DB",0.40500000000000003]
["RG11-CATV-US-BLK",0.40500000000000003]
["RG11-CATV-WHT",0.40500000000000003]
["RG11-CATV-WL",0.40500000000000003]
["RG11-CCTV-BLK",0.40500000000000003]
["RG11-CM-TRIAX",0.47499999999999998]
["RG11-DB-CCTV",0.40500000000000003]
["RG11-HF-WHT",0.40500000000000003]
["RG11-P-CATV-WHT",0.35]
["RG11-P-CATV-WHT-500",0.35]
["RG11-QUAD-BLK",0.42399999999999999]
["RG11-QUAD-DB",0.40500000000000003]
["RG11-QUAD-PL-WHT",0.372]
["RG11-QUAD-PL-WHT-500",0.372]
["RG11-TRIAXIAL-CAMERA",0.47499999999999998]
["RG213-BLK",0.40500000000000003]
["RG58-CMP-WHT",0.16800000000000001]
["RG58-CMP-WHT-500",0.16800000000000001]
["RG58-CMR-BLK",0.19500000000000001]
["RG58-CMR-BLK-500",0.19500000000000001]
["RG59-18/2C-DB",0.42399999999999999]
["RG59-18/2C-DB-500",0.42399999999999999]
["RG59-18/2C-P-G",0.36899999999999999]
["RG59-18/2C-PS",0.36899999999999999]
["RG59-18/2C-PS-500",0.36899999999999999]
["RG59-ABS-BLK",0]
["RG59-BC-BLK-INT",0.24]
["RG59-CATV-BLK",0.24199999999999999]
["RG59-CATV-PL-YEL",0.20599999999999999]
["RG59-CATV-TEA-WL",0.23599999999999999]
["RG59-CCTV-CM-BLK",0.24]
["RG59-CCTV-CM-BLK-500",0.24]
["RG59-CCTV-PL-BLK",0.193]
["RG59-CCTV-PL-BLK-500",0.193]
["RG59-CCTV-PL-WHT",0.193]
["RG59-CCTV-PL-WHT-500",0.193]
["RG59-CCTV-PL-YEL",0.193]
["RG59-CCTV-US-BLK",0.13500000000000001]
["RG59-CCTV-YEL-WL",0.24199999999999999]
["RG59CM-18-2C",0.38]
["RG59CM-18-2C",0.46800000000000003]
["RG59CM-18-2C-500",0.38]
["RG59-DB-CCTV",0.23899999999999999]
["RG59-DB-CCTV",0.24199999999999999]
["RG59-DB-CCTV-500",0.23899999999999999]
["RG59-SFLEX",0.24199999999999999]
["RG59-STR-BLK",0.24199999999999999]
["RG59-TRIAXIAL-CAM",0.36]
["RG6-18-2C",0]
["RG6-BC-CATV-DB",0.27200000000000002]
["RG6-BC-SIAM-BLK",0.27200000000000002]
["RG6-CATV-DB",0.27200000000000002]
["RG6-CATV-WL",0.27400000000000002]
["RG6-CCTV-BLK-WL",0.27200000000000002]
["RG6-CCTV-CM-BLK",0.26400000000000001]
["RG6-CCTV-CM-BLK-500",0.26400000000000001]
["RG6-CCTV-PL-BLK",0.22900000000000001]
["RG6-CCTV-PL-BLK-500",0.22900000000000001]
["RG6-CCTV-PL-WHT",0.22900000000000001]
["RG6-CCTV-PL-WHT-500",0.22900000000000001]
["RG6-CCTV-US-BLK",0.26400000000000001]
["RG6-CM-BLK",0.26800000000000002]
["RG6-CM-BLK-500",0.26800000000000002]
["RG6-CM-BLK-BX",0.26800000000000002]
["RG6-CM-SIAM-BLK",0.56299999999999994]
["RG6-CM-WHT",0.26800000000000002]
["RG6-CM-WHT-BX",0.26800000000000002]
["RG6-DB-CCTV",0.27200000000000002]
["RG6-HF-YEL",0.27500000000000002]
["RG6-P-CATV-BLK",0.245]
["RG6-P-CATV-BLK-500",0.245]
["RG6-P-CATV-WHT",0.245]
["RG6Q-CM-SIAM-BLK",0.61399999999999999]
["RG6Q-CM-SIAM-BLK-500",0.61399999999999999]
["RG6Q-CM-SIAM-WHT",0.61399999999999999]
["RG6Q-CM-SIAM-WHT-500",0.61399999999999999]
["RG6-QUAD-CMP-BLK",0.26800000000000002]
["RG6-QUAD-CMP-BLK-500",0.26800000000000002]
["RG6-QUAD-CMP-WHT",0.26800000000000002]
["RG6-QUAD-CMP-WHT-500",0.26800000000000002]
["RG6-QUAD-DB",0.307]
["RG6-QUAD-DB-500",0.307]
["RG6-QUAD-HT",0.28699999999999998]
["RG6-QUAD-SIAM",0.61399999999999999]
["RG6-QUAD-SIAM-YEL",0.61399999999999999]
["RG6-QUAD-WHT-BX",0.28699999999999998]
["RG6-SIA-DB",0.58499999999999996]
["RG6-SIA-DB-GRND",0]
["RG6-SIAM-BLK",0.56299999999999994]
["RG6-US-BLK",0.26900000000000002]
["RG6-US-WHT",0.26900000000000002]
["RG8/U-STR-BLK",0.40500000000000003]
["RG8-CMP-BLK",0.33800000000000002]
["RG8-CMP-BLK-500",0.33800000000000002]
["RG8-CMR-BLK",0.40500000000000003]
["RG8-IIIVSAT-P-KYNAR",0.33800000000000002]
["RGB3C-20-CMR",0.63]
["RGB3C-23-CM",0.41499999999999998]
["RGB3C-25-CM",0.28599999999999998]
["RGB3-MINI",0.41]
["RGB3-MINI-75OHM-COAX",0.41]
["RGB3-MINI-HF-I",0.40100000000000002]
["RGB5C",0.85]
["RGB5C/24-4C-FLAT",0.70499999999999996]
["RGB5C-20-CMR",0.74]
["RGB5C-23-CM",0.54]
["RGB5C-23-CMP",0.46]
["RGB5C-25-CM",0.34]
["RGB5C-25-CM-500",0.34]
["RGB5C-25-CMP",0.34200000000000003]
["RGB5C-25-CMP-500",0.34200000000000003]
["RGB5C-25-CMP-GRY",0.34200000000000003]
["RGB5C-25-PSH",0.32700000000000001]
["RGB5C-25-US-CM",0.34599999999999997]
["RGB5C-25-US-CM-500",0.34599999999999997]
["RGB5C-28-CM",0]
["RGB5C-PLN",0.34]
["RGB5C-PLN-250",0.34]
["RGB5C-PLN-2K",0.34]
["RGB5C-PLN-500",0.34]
["RGB5C-PSH",0.32700000000000001]
["RGB5C-PVC",0.35]
["RGB5C-PVC-500",0.35]
["RGB5C-SD-PLN",0.57999999999999996]
["RGB5C-SOL-MINI",0.47799999999999998]
["RGB5C-US-PVC",0.35399999999999998]
["RGB5-MINI",0.53]
["RGB5-MINI-500",0.53]
["RGB5-MINI-75OHM-COAX",0.53]
["RGB5-MINI-HF-I",0.5]
["RGB5-MINI-US",0.5]
["RGB5-STAGE",0.55000000000000004]
["RGB6C/22-2P",0.41799999999999998]
["RGB6C/22-2P-PLN",0.37]
["RGB6C/22-2P-PLN-250",0.37]
["RGB6C/22-2P-PLN-500",0.37]
["RGB6C/22-2P-PLN-WHT",0.37]
["RGB6C-20/2L5E",0.19700000000000001]
["RGB6C-23-2L5E",0.627]
["RGB6C-25/22-2P-CMP",0.38800000000000001]
["RGB6C-25-2L5E",0.53300000000000003]
["RGB6C-PVC-YEL",0.38]
["RGB7C/22-3P-PLN",0.4]
["RGB7C/22-3P-PLN-500",0.4]
["RLONWIRE-4P",0]
["S09BK02NSFNP",0.114]
["S19125SMOSP",0.114]
["S50125MOM3P",0.114]
["S50125MOM3R",0.114]
["S50125MOM4P",0.114]
["SAVANT-C5",0.57599999999999996]
["SHA-W1000-00",0.28399999999999997]
["SHA-W1000P-00",0.27700000000000002]
["SN8-IJIS",0.5]
["SSPUB162",0.23599999999999999]
["SSPUB164",0.27200000000000002]
["SSS122P",0.24399999999999999]
["SSS122R",0.25700000000000001]
["SSS142P",0.20699999999999999]
["SSS162P",0.17899999999999999]
["SSS162R",0.183]
["SSS182P",0.159]
["SSS182R",0.159]
["SSS184R",0.184]
["SSS202P",0.13900000000000001]
["SSS222P",0.128]
["SSS224P",0.14699999999999999]
["SSU122P",0.252]
["SSU122R",0.252]
["SSU122SB",0.34]
["SSU124SB",0.38700000000000001]
["SSU142P",0.21199999999999999]
["SSU142R",0.21199999999999999]
["SSU144R",0.247]
["SSU162P",0.17399999999999999]
["SSU162R",0.17799999999999999]
["SSU164R",0.21]
["SSU182P",0.156]
["SSU182R",0.154]
["SSU184R",0.18]
["SSU224P",0.13900000000000001]
["SSUB122",0.30599999999999999]
["SSUB124",0.36399999999999999]
["SSUB144",0.29699999999999999]
["SSUB162",0.222]
["SSUB164",0.25]
["SV-25-CM",0.26900000000000002]
["SV-25-CMP",0.245]
["SV-25-CMP-500",0.245]
["SV-PLN",0.24]
["SV-PLN-250",0.24]
["SV-PLN-500",0.24]
["SV-PVC",0.27]
["T2404L6-RD",0.24]
["T2404L6SH-GN",0.27]
["TC2975",0.28799999999999998]
["TC2991",0.29899999999999999]
["TC2995",0.33600000000000002]
["TEKTONE-AUDIO",0.246]
["TEKTONE-D2",0.24]
["TEKTONE-P2",0.17499999999999999]
["TEKTONE-PLN-AUDIO",0.17199999999999999]
["TEKTONE-PLN-DATA",0.185]
["TEKTONE-PLN-POWER",0.16600000000000001]
["TRUPHASE",0.192]
["TRUPHASE-500",0.192]
["TRUPHASE-P",0.17]
["TRUPHASE-P-500",0.17]
["TRUPHASE-P-YEL",0.17]
["UB12-2C-SH-BLK",0.27500000000000002]
["UB14-2C-BLK",0.33600000000000002]
["UB14-2C-SH-BLK",0.32400000000000001]
["UB16-2C-BLK",0.31]
["UB16-2C-SH-BLK",0.29799999999999999]
["UB16-4C-SH-BLK",0.377]
["UB18-2C-BLK",0.27800000000000002]
["UB18-4C-SH-BLK",0.316]
["UBC18-2C-SH-BLK",0.22]
["UBC20-2P-SH/UN-BLK",0.21]
["UBC22-6C-2SH/4UN-BLK",0.24199999999999999]
["UL300-4",0]
["VA2/3",0.48499999999999999]
["VDM230",0.16400000000000001]
["VDM260",0.114]
["VHD1100",0.40500000000000003]
["VHD1100TK",0.34599999999999997]
["VHD1300",0.4]
["VHD2000M",0.24199999999999999]
["VHD2001M",0.27500000000000002]
["VHD7000",0.32]
["VPM2000",0.24199999999999999]
["VPM2000TS",0.2]
["VS102001",0.27200000000000002]
["VS10230",0.78500000000000003]
["VS12230",0.8]
["VS16230",0.88500000000000001]
["VS52000",0.745]
["VS52001",0.84499999999999997]
["VS5230",0.56999999999999995]
["VS6230",0.59899999999999998]
["VSD2001",0.27200000000000002]
["VSD2001PEF",0.27200000000000002]
["VSD2001SB",0.27500000000000002]
["VSD2001SC",0.27200000000000002]
["VSD2001TS",0.23699999999999999]
["VT61811",0.47499999999999998]
["VT61811PEF",0.47499999999999998]
["VT61811TK",0.41299999999999998]
["VW242C3BG",0.15]
["WBC-195",0.19500000000000001]
["WBC-400R",0.4]
["WP258255",0.14599999999999999]
["WP258265",0.31]
["WP37123",0.34]
["WP37125",0.34]
["WP37127",0.34]
["WP37129",0.34]
["WP54980",0.14099999999999999]
["WP54982",0.11799999999999999]
["WP54983",0.155]
["WP55211",0.70699999999999996]
["WP55212",1.054]
["WP55216",0]
["WP55253",0.161]
["WP55700",0.36399999999999999]
["WP55826",0.14799999999999999]
["WP56126",0.59099999999999997]
["WP56128",0.78600000000000003]
["WP56129",1.0880000000000001]
["WP56801",0.38900000000000001]
["WP58141",0.47]
["WP58142",0.43]
["WP58527",0.73]
["X454",0.13500000000000001]
["XB201M",0.24]
["XB20UB",0.22800000000000001]
["XB401",0.14499999999999999]
["XB416",0.78500000000000003]